{"id":24,"date":"2019-11-16T08:34:22","date_gmt":"2019-11-16T01:34:22","guid":{"rendered":"https:\/\/22landresidence.com\/150-nguyen-thai-hoc\/?page_id=24"},"modified":"2025-03-10T16:34:57","modified_gmt":"2025-03-10T09:34:57","slug":"gioi-thieu","status":"publish","type":"page","link":"https:\/\/22landresidence.com\/150-nguyen-thai-hoc\/gioi-thieu\/","title":{"rendered":"Gi\u1edbi thi\u1ec7u"},"content":{"rendered":"<div class=\"xdj266r x11i5rnm xat24cr x1mh8g0r x1vvkbs x126k92a\">\n<div dir=\"auto\">22LAND CLOUD HOTEL: N\u01a0I TINH HOA H\u1ed8I T\u1ee4, TH\u0102NG HOA C\u1ea2M X\u00daC GI\u1eeeA L\u00d2NG H\u00c0 N\u1ed8I<\/div>\n<div dir=\"auto\">B\u1ea1n \u0111ang t\u00ecm ki\u1ebfm m\u1ed9t &#8220;\u1ed1c \u0111\u1ea3o&#8221; b\u00ecnh y\u00ean gi\u1eefa l\u00f2ng th\u1ee7 \u0111\u00f4 n\u00e1o nhi\u1ec7t? H\u00e3y \u0111\u1ebfn v\u1edbi 22Land Cloud Hotel, n\u01a1i s\u1ef1 sang tr\u1ecdng ch\u1ea1m \u0111\u1ebfn t\u1eebng gi\u00e1c quan, n\u01a1i m\u1ed7i kho\u1ea3nh kh\u1eafc \u0111\u1ec1u l\u00e0 m\u1ed9t tr\u1ea3i nghi\u1ec7m \u0111\u00e1ng nh\u1edb.<\/div>\n<\/div>\n<div class=\"x11i5rnm xat24cr x1mh8g0r x1vvkbs xtlvy1s x126k92a\">\n<div dir=\"auto\"><span class=\"html-span xexx8yu x4uap5 x18d9i69 xkhd6sd x1hl2dhg x16tdsg8 x1vvkbs x3nfvp2 x1j61x8r x1fcty0u xdj266r xat24cr xgzva0m xhhsvwb xxymvpz xlup9mm x1kky2od\"><img decoding=\"async\" loading=\"lazy\" class=\"xz74otr x168nmei x13lgxp2 x5pf9jr xo71vjh\" src=\"https:\/\/static.xx.fbcdn.net\/images\/emoji.php\/v9\/tcc\/2\/16\/1f4cd.png\" alt=\"\ud83d\udccd\" width=\"16\" height=\"16\" \/><\/span>V\u1ecb tr\u00ed &#8220;v\u00e0ng&#8221; &#8211; Tr\u00e1i tim c\u1ee7a H\u00e0 N\u1ed9i:<\/div>\n<div dir=\"auto\">T\u1ecda l\u1ea1c t\u1ea1i trung t\u00e2m qu\u1eadn Ba \u0110\u00ecnh l\u1ecbch s\u1eed, 22Land Cloud Hotel m\u1edf ra c\u00e1nh c\u1eeda k\u1ebft n\u1ed1i \u0111\u1ebfn nh\u1eefng \u0111i\u1ec3m \u0111\u1ebfn bi\u1ec3u t\u01b0\u1ee3ng c\u1ee7a H\u00e0 N\u1ed9i: V\u0103n Mi\u1ebfu &#8211; Qu\u1ed1c T\u1eed Gi\u00e1m uy nghi\u00eam, L\u0103ng B\u00e1c trang tr\u1ecdng, H\u1ed3 G\u01b0\u01a1m huy\u1ec1n tho\u1ea1i v\u00e0 khu ph\u1ed1 c\u1ed5 s\u1ea7m u\u1ea5t. Kh\u00f4ng ch\u1ec9 v\u1eady, xung quanh kh\u00e1ch s\u1ea1n l\u00e0 thi\u00ean \u0111\u01b0\u1eddng \u1ea9m th\u1ef1c, mua s\u1eafm v\u00e0 gi\u1ea3i tr\u00ed, s\u1eb5n s\u00e0ng \u0111\u00e1p \u1ee9ng m\u1ecdi nhu c\u1ea7u c\u1ee7a b\u1ea1n.<\/div>\n<\/div>\n<div class=\"x11i5rnm xat24cr x1mh8g0r x1vvkbs xtlvy1s x126k92a\">\n<div dir=\"auto\"><span class=\"html-span xexx8yu x4uap5 x18d9i69 xkhd6sd x1hl2dhg x16tdsg8 x1vvkbs x3nfvp2 x1j61x8r x1fcty0u xdj266r xat24cr xgzva0m xhhsvwb xxymvpz xlup9mm x1kky2od\"><img decoding=\"async\" loading=\"lazy\" class=\"xz74otr x168nmei x13lgxp2 x5pf9jr xo71vjh\" src=\"https:\/\/static.xx.fbcdn.net\/images\/emoji.php\/v9\/t90\/2\/16\/1f4af.png\" alt=\"\ud83d\udcaf\" width=\"16\" height=\"16\" \/><\/span>Ki\u1ebfn tr\u00fac tinh t\u1ebf &#8211; Ngh\u1ec7 thu\u1eadt c\u1ee7a s\u1ef1 sang tr\u1ecdng:<\/div>\n<div dir=\"auto\">B\u01b0\u1edbc v\u00e0o 22Land Cloud Hotel, b\u1ea1n s\u1ebd cho\u00e1ng ng\u1ee3p tr\u01b0\u1edbc ki\u1ebfn tr\u00fac hi\u1ec7n \u0111\u1ea1i, tinh t\u1ebf, n\u01a1i nh\u1eefng \u0111\u01b0\u1eddng n\u00e9t c\u1ed5 \u0111i\u1ec3n h\u00f2a quy\u1ec7n c\u00f9ng phong c\u00e1ch \u0111\u01b0\u01a1ng \u0111\u1ea1i. M\u1ed7i ph\u00f2ng ngh\u1ec9 l\u00e0 m\u1ed9t t\u00e1c ph\u1ea9m ngh\u1ec7 thu\u1eadt, \u0111\u01b0\u1ee3c ch\u0103m ch\u00fat t\u1ec9 m\u1ec9 t\u1eeb n\u1ed9i th\u1ea5t cao c\u1ea5p \u0111\u1ebfn t\u1ea7m nh\u00ecn panorama tuy\u1ec7t \u0111\u1eb9p ra th\u00e0nh ph\u1ed1.<\/div>\n<\/div>\n<div class=\"x11i5rnm xat24cr x1mh8g0r x1vvkbs xtlvy1s x126k92a\">\n<div dir=\"auto\"><span class=\"html-span xexx8yu x4uap5 x18d9i69 xkhd6sd x1hl2dhg x16tdsg8 x1vvkbs x3nfvp2 x1j61x8r x1fcty0u xdj266r xat24cr xgzva0m xhhsvwb xxymvpz xlup9mm x1kky2od\"><img decoding=\"async\" loading=\"lazy\" class=\"xz74otr x168nmei x13lgxp2 x5pf9jr xo71vjh\" src=\"https:\/\/static.xx.fbcdn.net\/images\/emoji.php\/v9\/t8a\/2\/16\/1f9d1_1f3fb_200d_1f373.png\" alt=\"\ud83e\uddd1\ud83c\udffb\u200d\ud83c\udf73\" width=\"16\" height=\"16\" \/><\/span>\u1ea8m th\u1ef1c \u0111\u1ec9nh cao &#8211; H\u00e0nh tr\u00ecnh v\u1ecb gi\u00e1c kh\u00f3 qu\u00ean:<\/div>\n<div dir=\"auto\">Nh\u00e0 h\u00e0ng c\u1ee7a 22Land Cloud Hotel l\u00e0 n\u01a1i h\u1ed9i t\u1ee5 tinh hoa \u1ea9m th\u1ef1c Vi\u1ec7t Nam v\u00e0 qu\u1ed1c t\u1ebf. D\u01b0\u1edbi b\u00e0n tay t\u00e0i hoa c\u1ee7a nh\u1eefng \u0111\u1ea7u b\u1ebfp h\u00e0ng \u0111\u1ea7u, m\u1ed7i m\u00f3n \u0103n l\u00e0 m\u1ed9t c\u00e2u chuy\u1ec7n, m\u1ed9t tr\u1ea3i nghi\u1ec7m v\u1ecb gi\u00e1c \u0111\u1ea7y th\u0103ng hoa.<\/div>\n<\/div>\n<div class=\"x11i5rnm xat24cr x1mh8g0r x1vvkbs xtlvy1s x126k92a\">\n<div dir=\"auto\"><span class=\"html-span xexx8yu x4uap5 x18d9i69 xkhd6sd x1hl2dhg x16tdsg8 x1vvkbs x3nfvp2 x1j61x8r x1fcty0u xdj266r xat24cr xgzva0m xhhsvwb xxymvpz xlup9mm x1kky2od\"><img decoding=\"async\" loading=\"lazy\" class=\"xz74otr x168nmei x13lgxp2 x5pf9jr xo71vjh\" src=\"https:\/\/static.xx.fbcdn.net\/images\/emoji.php\/v9\/t9b\/2\/16\/1f44d.png\" alt=\"\ud83d\udc4d\" width=\"16\" height=\"16\" \/><\/span>D\u1ecbch v\u1ee5 ho\u00e0n h\u1ea3o &#8211; Ch\u0103m s\u00f3c t\u1eeb tr\u00e1i tim:<\/div>\n<div dir=\"auto\">T\u1ea1i 22Land Cloud Hotel, s\u1ef1 h\u00e0i l\u00f2ng c\u1ee7a b\u1ea1n l\u00e0 \u01b0u ti\u00ean h\u00e0ng \u0111\u1ea7u. \u0110\u1ed9i ng\u0169 nh\u00e2n vi\u00ean chuy\u00ean nghi\u1ec7p, t\u1eadn t\u00e2m lu\u00f4n s\u1eb5n s\u00e0ng l\u1eafng nghe v\u00e0 \u0111\u00e1p \u1ee9ng m\u1ecdi y\u00eau c\u1ea7u c\u1ee7a b\u1ea1n, 24\/7.<\/div>\n<\/div>\n<div class=\"x11i5rnm xat24cr x1mh8g0r x1vvkbs xtlvy1s x126k92a\">\n<div dir=\"auto\"><span class=\"html-span xexx8yu x4uap5 x18d9i69 xkhd6sd x1hl2dhg x16tdsg8 x1vvkbs x3nfvp2 x1j61x8r x1fcty0u xdj266r xat24cr xgzva0m xhhsvwb xxymvpz xlup9mm x1kky2od\"><img decoding=\"async\" loading=\"lazy\" class=\"xz74otr x168nmei x13lgxp2 x5pf9jr xo71vjh\" src=\"https:\/\/static.xx.fbcdn.net\/images\/emoji.php\/v9\/tf0\/2\/16\/1f449.png\" alt=\"\ud83d\udc49\" width=\"16\" height=\"16\" \/><\/span><span class=\"html-span xexx8yu x4uap5 x18d9i69 xkhd6sd x1hl2dhg x16tdsg8 x1vvkbs x3nfvp2 x1j61x8r x1fcty0u xdj266r xat24cr xgzva0m xhhsvwb xxymvpz xlup9mm x1kky2od\"><img decoding=\"async\" loading=\"lazy\" class=\"xz74otr x168nmei x13lgxp2 x5pf9jr xo71vjh\" src=\"https:\/\/static.xx.fbcdn.net\/images\/emoji.php\/v9\/ted\/2\/16\/2764.png\" alt=\"\u2764\ufe0f\" width=\"16\" height=\"16\" \/><\/span>Kh\u00e1m ph\u00e1 H\u00e0 N\u1ed9i theo c\u00e1ch ri\u00eang c\u1ee7a b\u1ea1n:<\/div>\n<div dir=\"auto\">Ch\u00fang t\u00f4i cung c\u1ea5p d\u1ecbch v\u1ee5 \u0111\u1eb7t tour chuy\u00ean nghi\u1ec7p, gi\u00fap b\u1ea1n kh\u00e1m ph\u00e1 H\u00e0 N\u1ed9i m\u1ed9t c\u00e1ch tr\u1ecdn v\u1eb9n v\u00e0 \u0111\u00e1ng nh\u1edb nh\u1ea5t.<\/div>\n<div dir=\"auto\">Li\u00ean h\u1ec7 ngay \u0111\u1ec3 tr\u1ea3i nghi\u1ec7m s\u1ef1 kh\u00e1c bi\u1ec7t:<\/div>\n<div dir=\"auto\">\u0110\u1ecba ch\u1ec9: 150 Nguy\u1ec5n Th\u00e1i H\u1ecdc, Ba \u0110\u00ecnh, H\u00e0 N\u1ed9i<\/div>\n<div dir=\"auto\">\u0110i\u1ec7n tho\u1ea1i: 038 577 7150<\/div>\n<div dir=\"auto\">22Land Cloud Hotel &#8211; N\u01a1i l\u01b0u gi\u1eef nh\u1eefng kho\u1ea3nh kh\u1eafc v\u00e0ng c\u1ee7a b\u1ea1n!<\/div>\n<\/div>\n","protected":false},"excerpt":{"rendered":"<p>22LAND CLOUD HOTEL: N\u01a0I TINH HOA H\u1ed8I T\u1ee4, TH\u0102NG HOA C\u1ea2M X\u00daC GI\u1eeeA L\u00d2NG H\u00c0 N\u1ed8I B\u1ea1n \u0111ang t\u00ecm ki\u1ebfm m\u1ed9t &#8220;\u1ed1c \u0111\u1ea3o&#8221; b\u00ecnh y\u00ean gi\u1eefa l\u00f2ng th\u1ee7 \u0111\u00f4 n\u00e1o nhi\u1ec7t? H\u00e3y \u0111\u1ebfn v\u1edbi 22Land Cloud Hotel, n\u01a1i s\u1ef1 sang tr\u1ecdng ch\u1ea1m \u0111\u1ebfn t\u1eebng gi\u00e1c quan, n\u01a1i m\u1ed7i kho\u1ea3nh kh\u1eafc \u0111\u1ec1u l\u00e0 m\u1ed9t tr\u1ea3i nghi\u1ec7m &#8230;<\/p>\n","protected":false},"author":2,"featured_media":0,"parent":0,"menu_order":0,"comment_status":"closed","ping_status":"closed","template":"","meta":[],"yst_prominent_words":[],"acf":[],"_links":{"self":[{"href":"https:\/\/22landresidence.com\/150-nguyen-thai-hoc\/wp-json\/wp\/v2\/pages\/24"}],"collection":[{"href":"https:\/\/22landresidence.com\/150-nguyen-thai-hoc\/wp-json\/wp\/v2\/pages"}],"about":[{"href":"https:\/\/22landresidence.com\/150-nguyen-thai-hoc\/wp-json\/wp\/v2\/types\/page"}],"author":[{"embeddable":true,"href":"https:\/\/22landresidence.com\/150-nguyen-thai-hoc\/wp-json\/wp\/v2\/users\/2"}],"replies":[{"embeddable":true,"href":"https:\/\/22landresidence.com\/150-nguyen-thai-hoc\/wp-json\/wp\/v2\/comments?post=24"}],"version-history":[{"count":12,"href":"https:\/\/22landresidence.com\/150-nguyen-thai-hoc\/wp-json\/wp\/v2\/pages\/24\/revisions"}],"predecessor-version":[{"id":1508,"href":"https:\/\/22landresidence.com\/150-nguyen-thai-hoc\/wp-json\/wp\/v2\/pages\/24\/revisions\/1508"}],"wp:attachment":[{"href":"https:\/\/22landresidence.com\/150-nguyen-thai-hoc\/wp-json\/wp\/v2\/media?parent=24"}],"wp:term":[{"taxonomy":"yst_prominent_words","embeddable":true,"href":"https:\/\/22landresidence.com\/150-nguyen-thai-hoc\/wp-json\/wp\/v2\/yst_prominent_words?post=24"}],"curies":[{"name":"wp","href":"https:\/\/api.w.org\/{rel}","templated":true}]}}