{"id":301,"date":"2019-11-17T08:22:54","date_gmt":"2019-11-17T01:22:54","guid":{"rendered":"https:\/\/22landresidence.com\/150-nguyen-thai-hoc\/?page_id=301"},"modified":"2025-03-18T10:31:43","modified_gmt":"2025-03-18T03:31:43","slug":"restaurant","status":"publish","type":"page","link":"https:\/\/22landresidence.com\/150-nguyen-thai-hoc\/gioi-thieu\/restaurant\/","title":{"rendered":"Restaurant"},"content":{"rendered":"<div class=\"container section-title-container\" ><h2 class=\"section-title section-title-center\"><b><\/b><span class=\"section-title-main\" >Restaurant t\u1ea1i Kh\u00e1ch s\u1ea1n c\u1ee7a ch\u00fang t\u00f4i<\/span><b><\/b><\/h2><\/div>\n<p>Nh\u00e0 h\u00e0ng t\u1ea1i t\u1ea7ng 9 c\u1ee7a kh\u00e1ch s\u1ea1n l\u00e0 s\u1ef1 pha tr\u1ed9n ho\u00e0n h\u1ea3o gi\u1eefa s\u1ef1 hi\u1ec7n \u0111\u1ea1i v\u00e0 ti\u1ec7n nghi. C\u00e1c m\u00f3n \u0103n lu\u00f4n \u0111\u01b0\u1ee3c ch\u1ebf bi\u1ebfn t\u1eeb c\u00e1c nguy\u00ean li\u1ec7u t\u01b0\u01a1i ngon v\u00e0 tr\u00ecnh b\u00e0y \u0111\u1eb9p m\u1eaft b\u1edfi nh\u1eefng \u0111\u1ea7u b\u1ebfp d\u00e0y d\u1eb7n kinh nghi\u1ec7m t\u1ea1i kh\u00e1ch s\u1ea1n \u0111\u1ec3 \u0111\u01b0a \u0111\u1ebfn tr\u1ea3i nghi\u1ec7m buffet s\u00e1ng sang tr\u1ecdng. \u0110\u1ec3 \u0111\u00e1p \u1ee9ng nhi\u1ec1u kh\u1ea9u v\u1ecb kh\u00e1c nhau, nh\u00e0 h\u00e0ng \u00a0ch\u1ecdn ra m\u1ed9t n\u1ec1n \u1ea9m th\u1ef1c \u0111\u1eb7c tr\u01b0ng cho du kh\u00e1ch.<\/p>\n<p><strong>V\u1ecb tr\u00ed<\/strong>: T\u1ea7ng 9, kh\u00e1ch s\u1ea1n 22Land Cloud Hotel &#8211; 150 Nguy\u1ec5n Th\u00e1i H\u1ecdc, Ba \u0110\u00ecnh, H\u00e0 N\u1ed9i<\/p>\n<p><strong>Hotline:<\/strong> 0385777150<\/p>\n\t<div class=\"img has-hover x md-x lg-x y md-y lg-y\" id=\"image_1475869592\">\n\t\t\t\t\t\t\t\t<div class=\"img-inner dark\" >\n\t\t\t<img width=\"768\" height=\"1024\" src=\"https:\/\/22landresidence.com\/150-nguyen-thai-hoc\/wp-content\/uploads\/sites\/22\/2025\/03\/5-768x1024.jpeg\" class=\"attachment-large size-large\" alt=\"\" decoding=\"async\" loading=\"lazy\" srcset=\"https:\/\/22landresidence.com\/150-nguyen-thai-hoc\/wp-content\/uploads\/sites\/22\/2025\/03\/5-768x1024.jpeg 768w, https:\/\/22landresidence.com\/150-nguyen-thai-hoc\/wp-content\/uploads\/sites\/22\/2025\/03\/5-225x300.jpeg 225w, https:\/\/22landresidence.com\/150-nguyen-thai-hoc\/wp-content\/uploads\/sites\/22\/2025\/03\/5-1152x1536.jpeg 1152w, https:\/\/22landresidence.com\/150-nguyen-thai-hoc\/wp-content\/uploads\/sites\/22\/2025\/03\/5-1536x2048.jpeg 1536w, https:\/\/22landresidence.com\/150-nguyen-thai-hoc\/wp-content\/uploads\/sites\/22\/2025\/03\/5-900x1200.jpeg 900w, https:\/\/22landresidence.com\/150-nguyen-thai-hoc\/wp-content\/uploads\/sites\/22\/2025\/03\/5-scaled.jpeg 1920w\" sizes=\"(max-width: 768px) 100vw, 768px\" \/>\t\t\t\t\t\t\n\t\t\t\t\t<\/div>\n\t\t\t\t\t\t\t\t\n<style>\n#image_1475869592 {\n  width: 100%;\n}\n<\/style>\n\t<\/div>\n\t\n\t<div id=\"gap-1685450551\" class=\"gap-element clearfix\" style=\"display:block; height:auto;\">\n\t\t\n<style>\n#gap-1685450551 {\n  padding-top: 15px;\n}\n<\/style>\n\t<\/div>\n\t\n\t<div class=\"img has-hover x md-x lg-x y md-y lg-y\" id=\"image_680081671\">\n\t\t\t\t\t\t\t\t<div class=\"img-inner dark\" >\n\t\t\t<img width=\"768\" height=\"1024\" src=\"https:\/\/22landresidence.com\/150-nguyen-thai-hoc\/wp-content\/uploads\/sites\/22\/2025\/03\/4-1-768x1024.jpeg\" class=\"attachment-large size-large\" alt=\"\" decoding=\"async\" loading=\"lazy\" srcset=\"https:\/\/22landresidence.com\/150-nguyen-thai-hoc\/wp-content\/uploads\/sites\/22\/2025\/03\/4-1-768x1024.jpeg 768w, https:\/\/22landresidence.com\/150-nguyen-thai-hoc\/wp-content\/uploads\/sites\/22\/2025\/03\/4-1-225x300.jpeg 225w, https:\/\/22landresidence.com\/150-nguyen-thai-hoc\/wp-content\/uploads\/sites\/22\/2025\/03\/4-1-1152x1536.jpeg 1152w, https:\/\/22landresidence.com\/150-nguyen-thai-hoc\/wp-content\/uploads\/sites\/22\/2025\/03\/4-1-1536x2048.jpeg 1536w, https:\/\/22landresidence.com\/150-nguyen-thai-hoc\/wp-content\/uploads\/sites\/22\/2025\/03\/4-1-900x1200.jpeg 900w, https:\/\/22landresidence.com\/150-nguyen-thai-hoc\/wp-content\/uploads\/sites\/22\/2025\/03\/4-1-scaled.jpeg 1920w\" sizes=\"(max-width: 768px) 100vw, 768px\" \/>\t\t\t\t\t\t\n\t\t\t\t\t<\/div>\n\t\t\t\t\t\t\t\t\n<style>\n#image_680081671 {\n  width: 100%;\n}\n<\/style>\n\t<\/div>\n\t\n\t<div id=\"gap-354911264\" class=\"gap-element clearfix\" style=\"display:block; height:auto;\">\n\t\t\n<style>\n#gap-354911264 {\n  padding-top: 15px;\n}\n<\/style>\n\t<\/div>\n\t\n\t<div class=\"img has-hover x md-x lg-x y md-y lg-y\" id=\"image_358351615\">\n\t\t\t\t\t\t\t\t<div class=\"img-inner dark\" >\n\t\t\t<img width=\"1920\" height=\"2560\" src=\"https:\/\/22landresidence.com\/150-nguyen-thai-hoc\/wp-content\/uploads\/sites\/22\/2025\/03\/6-scaled.jpeg\" class=\"attachment-original size-original\" alt=\"\" decoding=\"async\" loading=\"lazy\" srcset=\"https:\/\/22landresidence.com\/150-nguyen-thai-hoc\/wp-content\/uploads\/sites\/22\/2025\/03\/6-scaled.jpeg 1920w, https:\/\/22landresidence.com\/150-nguyen-thai-hoc\/wp-content\/uploads\/sites\/22\/2025\/03\/6-225x300.jpeg 225w, https:\/\/22landresidence.com\/150-nguyen-thai-hoc\/wp-content\/uploads\/sites\/22\/2025\/03\/6-768x1024.jpeg 768w, https:\/\/22landresidence.com\/150-nguyen-thai-hoc\/wp-content\/uploads\/sites\/22\/2025\/03\/6-1152x1536.jpeg 1152w, https:\/\/22landresidence.com\/150-nguyen-thai-hoc\/wp-content\/uploads\/sites\/22\/2025\/03\/6-1536x2048.jpeg 1536w, https:\/\/22landresidence.com\/150-nguyen-thai-hoc\/wp-content\/uploads\/sites\/22\/2025\/03\/6-900x1200.jpeg 900w\" sizes=\"(max-width: 1920px) 100vw, 1920px\" \/>\t\t\t\t\t\t\n\t\t\t\t\t<\/div>\n\t\t\t\t\t\t\t\t\n<style>\n#image_358351615 {\n  width: 100%;\n}\n<\/style>\n\t<\/div>\n\t\n\t<div id=\"gap-1062252530\" class=\"gap-element clearfix\" style=\"display:block; height:auto;\">\n\t\t\n<style>\n#gap-1062252530 {\n  padding-top: 15px;\n}\n<\/style>\n\t<\/div>\n\t\n<div class=\"uxb-no-content uxb-image\">Upload Image...<\/div>\n\t<div id=\"gap-2123655382\" class=\"gap-element clearfix\" style=\"display:block; height:auto;\">\n\t\t\n<style>\n#gap-2123655382 {\n  padding-top: 15px;\n}\n<\/style>\n\t<\/div>\n\t\n<div class=\"uxb-no-content uxb-image\">Upload Image...<\/div>\n","protected":false},"excerpt":{"rendered":"<p>Nh\u00e0 h\u00e0ng t\u1ea1i t\u1ea7ng 9 c\u1ee7a kh\u00e1ch s\u1ea1n l\u00e0 s\u1ef1 pha tr\u1ed9n ho\u00e0n h\u1ea3o gi\u1eefa s\u1ef1 hi\u1ec7n \u0111\u1ea1i v\u00e0 ti\u1ec7n nghi. C\u00e1c m\u00f3n \u0103n lu\u00f4n \u0111\u01b0\u1ee3c ch\u1ebf bi\u1ebfn t\u1eeb c\u00e1c nguy\u00ean li\u1ec7u t\u01b0\u01a1i ngon v\u00e0 tr\u00ecnh b\u00e0y \u0111\u1eb9p m\u1eaft b\u1edfi nh\u1eefng \u0111\u1ea7u b\u1ebfp d\u00e0y d\u1eb7n kinh nghi\u1ec7m t\u1ea1i kh\u00e1ch s\u1ea1n \u0111\u1ec3 \u0111\u01b0a \u0111\u1ebfn tr\u1ea3i nghi\u1ec7m &#8230;<\/p>\n","protected":false},"author":2,"featured_media":0,"parent":24,"menu_order":0,"comment_status":"closed","ping_status":"closed","template":"","meta":[],"yst_prominent_words":[],"acf":[],"_links":{"self":[{"href":"https:\/\/22landresidence.com\/150-nguyen-thai-hoc\/wp-json\/wp\/v2\/pages\/301"}],"collection":[{"href":"https:\/\/22landresidence.com\/150-nguyen-thai-hoc\/wp-json\/wp\/v2\/pages"}],"about":[{"href":"https:\/\/22landresidence.com\/150-nguyen-thai-hoc\/wp-json\/wp\/v2\/types\/page"}],"author":[{"embeddable":true,"href":"https:\/\/22landresidence.com\/150-nguyen-thai-hoc\/wp-json\/wp\/v2\/users\/2"}],"replies":[{"embeddable":true,"href":"https:\/\/22landresidence.com\/150-nguyen-thai-hoc\/wp-json\/wp\/v2\/comments?post=301"}],"version-history":[{"count":5,"href":"https:\/\/22landresidence.com\/150-nguyen-thai-hoc\/wp-json\/wp\/v2\/pages\/301\/revisions"}],"predecessor-version":[{"id":1519,"href":"https:\/\/22landresidence.com\/150-nguyen-thai-hoc\/wp-json\/wp\/v2\/pages\/301\/revisions\/1519"}],"up":[{"embeddable":true,"href":"https:\/\/22landresidence.com\/150-nguyen-thai-hoc\/wp-json\/wp\/v2\/pages\/24"}],"wp:attachment":[{"href":"https:\/\/22landresidence.com\/150-nguyen-thai-hoc\/wp-json\/wp\/v2\/media?parent=301"}],"wp:term":[{"taxonomy":"yst_prominent_words","embeddable":true,"href":"https:\/\/22landresidence.com\/150-nguyen-thai-hoc\/wp-json\/wp\/v2\/yst_prominent_words?post=301"}],"curies":[{"name":"wp","href":"https:\/\/api.w.org\/{rel}","templated":true}]}}