{"id":24,"date":"2019-11-16T08:34:22","date_gmt":"2019-11-16T01:34:22","guid":{"rendered":"https:\/\/22landresidence.com\/25-le-thanh-ton\/?page_id=24"},"modified":"2025-07-14T11:13:13","modified_gmt":"2025-07-14T04:13:13","slug":"gioi-thieu","status":"publish","type":"page","link":"https:\/\/22landresidence.com\/25-le-thanh-ton\/gioi-thieu\/","title":{"rendered":"Gi\u1edbi thi\u1ec7u"},"content":{"rendered":"<div class=\"xdj266r x14z9mp xat24cr x1lziwak x1vvkbs x126k92a\">\n<div dir=\"auto\">\ud835\udfd0\ud835\udfd0\ud835\udc0b\ud835\udc1a\ud835\udc27\ud835\udc1d \ud835\udc07\ud835\udc28\ud835\udc2d\ud835\udc1e\ud835\udc25 \ud835\udc12\ud835\udc1a\ud835\udc22\ud835\udc20\ud835\udc28\ud835\udc27 &#8211; \ud835\udc07\ud835\udc28\u0300\ud835\udc1a \ud835\udc2a\ud835\udc2e\ud835\udc32\ud835\udc1e\u0323\u0302\ud835\udc27 \ud835\udc20\ud835\udc22\ud835\udc2e\u031b\u0303\ud835\udc1a \ud835\udc2c\ud835\udc2e\u031b\u0323 \ud835\udc2c\ud835\udc1a\ud835\udc27\ud835\udc20 \ud835\udc2d\ud835\udc2b\ud835\udc28\u0323\ud835\udc27\ud835\udc20 \ud835\udc2f\ud835\udc1a\u0300 \ud835\udc1a\u0302\u0301\ud835\udc26 \ud835\udc1c\ud835\udc2e\u0301\ud835\udc27\ud835\udc20<span class=\"html-span xexx8yu xyri2b x18d9i69 x1c1uobl x1hl2dhg x16tdsg8 x1vvkbs x3nfvp2 x1j61x8r x1fcty0u xdj266r xat24cr xm2jcoa x1mpyi22 xxymvpz xlup9mm x1kky2od\"><img decoding=\"async\" loading=\"lazy\" class=\"xz74otr x15mokao x1ga7v0g x16uus16 xbiv7yw\" src=\"https:\/\/static.xx.fbcdn.net\/images\/emoji.php\/v9\/t6c\/1\/16\/2764.png\" alt=\"\u2764\ufe0f\" width=\"16\" height=\"16\" \/><\/span><\/div>\n<\/div>\n<div class=\"x14z9mp xat24cr x1lziwak x1vvkbs xtlvy1s x126k92a\">\n<div dir=\"auto\"><span class=\"html-span xexx8yu xyri2b x18d9i69 x1c1uobl x1hl2dhg x16tdsg8 x1vvkbs x3nfvp2 x1j61x8r x1fcty0u xdj266r xat24cr xm2jcoa x1mpyi22 xxymvpz xlup9mm x1kky2od\"><img decoding=\"async\" loading=\"lazy\" class=\"xz74otr x15mokao x1ga7v0g x16uus16 xbiv7yw\" src=\"https:\/\/static.xx.fbcdn.net\/images\/emoji.php\/v9\/t2d\/1\/16\/1f4cd.png\" alt=\"\ud83d\udccd\" width=\"16\" height=\"16\" \/><\/span>M\u1ed9t thi\u00ean \u0111\u01b0\u1eddng ngh\u1ec9 d\u01b0\u1ee1ng gi\u1eefa l\u00f2ng S\u00e0i G\u00f2n<\/div>\n<div dir=\"auto\">T\u1ecda l\u1ea1c t\u1ea1i con \u0111\u01b0\u1eddng s\u1ea7m u\u1ea5t L\u00ea Th\u00e1nh T\u00f4n, qu\u1eadn 1, 22Land Hotel Saigon kh\u00f4ng ch\u1ec9 l\u00e0 m\u1ed9t kh\u00e1ch s\u1ea1n, m\u00e0 c\u00f2n l\u00e0 m\u1ed9t ki\u1ec7t t\u00e1c ki\u1ebfn tr\u00fac, m\u1ed9t kh\u00f4ng gian ngh\u1ec9 d\u01b0\u1ee1ng sang tr\u1ecdng v\u00e0 \u0111\u1eb3ng c\u1ea5p. Ngay t\u1eeb nh\u1eefng b\u01b0\u1edbc ch\u00e2n \u0111\u1ea7u ti\u00ean \u0111\u1eb7t ch\u00e2n v\u00e0o kh\u00e1ch s\u1ea1n, t\u00f4i \u0111\u00e3 b\u1ecb cu\u1ed1n h\u00fat b\u1edfi kh\u00f4ng gian tinh t\u1ebf, hi\u1ec7n \u0111\u1ea1i v\u00e0 tr\u00e0n \u0111\u1ea7y \u00e1nh s\u00e1ng.<\/div>\n<\/div>\n<div class=\"x14z9mp xat24cr x1lziwak x1vvkbs xtlvy1s x126k92a\">\n<div dir=\"auto\"><span class=\"html-span xexx8yu xyri2b x18d9i69 x1c1uobl x1hl2dhg x16tdsg8 x1vvkbs x3nfvp2 x1j61x8r x1fcty0u xdj266r xat24cr xm2jcoa x1mpyi22 xxymvpz xlup9mm x1kky2od\"><img decoding=\"async\" loading=\"lazy\" class=\"xz74otr x15mokao x1ga7v0g x16uus16 xbiv7yw\" src=\"https:\/\/static.xx.fbcdn.net\/images\/emoji.php\/v9\/t2e\/1\/16\/1f6cc.png\" alt=\"\ud83d\udecc\" width=\"16\" height=\"16\" \/><\/span>Ph\u00f2ng ngh\u1ec9: Kh\u00f4ng gian ri\u00eang t\u01b0, sang tr\u1ecdng<\/div>\n<div dir=\"auto\">C\u00e1c ph\u00f2ng ngh\u1ec9 t\u1ea1i 22Land Hotel Saigon \u0111\u01b0\u1ee3c thi\u1ebft k\u1ebf v\u1edbi phong c\u00e1ch hi\u1ec7n \u0111\u1ea1i, t\u1ed1i gi\u1ea3n nh\u01b0ng kh\u00f4ng k\u00e9m ph\u1ea7n \u1ea5m c\u00fang. H\u1ec7 th\u1ed1ng \u0111\u00e8n chi\u1ebfu s\u00e1ng tinh t\u1ebf, n\u1ed9i th\u1ea5t cao c\u1ea5p c\u00f9ng t\u1ea7m nh\u00ecn tuy\u1ec7t \u0111\u1eb9p ra th\u00e0nh ph\u1ed1 \u0111\u00e3 mang \u0111\u1ebfn cho t\u00f4i nh\u1eefng tr\u1ea3i nghi\u1ec7m ngh\u1ec9 ng\u01a1i th\u1eadt s\u1ef1 th\u01b0 th\u00e1i.<\/div>\n<\/div>\n<div class=\"x14z9mp xat24cr x1lziwak x1vvkbs xtlvy1s x126k92a\">\n<div dir=\"auto\"><span class=\"html-span xexx8yu xyri2b x18d9i69 x1c1uobl x1hl2dhg x16tdsg8 x1vvkbs x3nfvp2 x1j61x8r x1fcty0u xdj266r xat24cr xm2jcoa x1mpyi22 xxymvpz xlup9mm x1kky2od\"><img decoding=\"async\" loading=\"lazy\" class=\"xz74otr x15mokao x1ga7v0g x16uus16 xbiv7yw\" src=\"https:\/\/static.xx.fbcdn.net\/images\/emoji.php\/v9\/t49\/1\/16\/1f9d1_1f3fb_200d_1f373.png\" alt=\"\ud83e\uddd1\ud83c\udffb\u200d\ud83c\udf73\" width=\"16\" height=\"16\" \/><\/span>Nh\u00e0 h\u00e0ng: H\u01b0\u01a1ng v\u1ecb \u1ea9m th\u1ef1c tinh t\u1ebf<\/div>\n<div dir=\"auto\">Nh\u00e0 h\u00e0ng c\u1ee7a kh\u00e1ch s\u1ea1n l\u00e0 m\u1ed9t \u0111i\u1ec3m \u0111\u1ebfn l\u00fd t\u01b0\u1edfng \u0111\u1ec3 th\u01b0\u1edfng th\u1ee9c nh\u1eefng m\u00f3n \u0103n ngon \u0111\u01b0\u1ee3c ch\u1ebf bi\u1ebfn t\u1eeb nh\u1eefng nguy\u00ean li\u1ec7u t\u01b0\u01a1i ngon nh\u1ea5t. V\u1edbi th\u1ef1c \u0111\u01a1n \u0111a d\u1ea1ng, t\u1eeb c\u00e1c m\u00f3n \u00c1 \u0111\u1ebfn m\u00f3n \u00c2u, nh\u00e0 h\u00e0ng ch\u1eafc ch\u1eafn s\u1ebd l\u00e0m h\u00e0i l\u00f2ng kh\u1ea9u v\u1ecb c\u1ee7a b\u1ea5t k\u1ef3 th\u1ef1c kh\u00e1ch n\u00e0o.<\/div>\n<\/div>\n<div class=\"x14z9mp xat24cr x1lziwak x1vvkbs xtlvy1s x126k92a\">\n<div dir=\"auto\"><span class=\"html-span xexx8yu xyri2b x18d9i69 x1c1uobl x1hl2dhg x16tdsg8 x1vvkbs x3nfvp2 x1j61x8r x1fcty0u xdj266r xat24cr xm2jcoa x1mpyi22 xxymvpz xlup9mm x1kky2od\"><img decoding=\"async\" loading=\"lazy\" class=\"xz74otr x15mokao x1ga7v0g x16uus16 xbiv7yw\" src=\"https:\/\/static.xx.fbcdn.net\/images\/emoji.php\/v9\/t6c\/1\/16\/1f378.png\" alt=\"\ud83c\udf78\" width=\"16\" height=\"16\" \/><\/span>Sky Bar: Tr\u00ean \u0111\u1ec9nh th\u00e0nh ph\u1ed1<\/div>\n<div dir=\"auto\">Sky Bar c\u1ee7a 22Land Hotel Saigon l\u00e0 m\u1ed9t trong nh\u1eefng \u0111i\u1ec3m nh\u1ea5n c\u1ee7a kh\u00e1ch s\u1ea1n. Ng\u1ed3i t\u1ea1i \u0111\u00e2y, b\u1ea1n c\u00f3 th\u1ec3 ng\u1eafm nh\u00ecn to\u00e0n c\u1ea3nh th\u00e0nh ph\u1ed1 v\u1ec1 \u0111\u00eam, nh\u00e2m nhi ly cocktail th\u01a1m ngon v\u00e0 t\u1eadn h\u01b0\u1edfng nh\u1eefng giai \u0111i\u1ec7u du d\u01b0\u01a1ng.<\/div>\n<\/div>\n<div class=\"x14z9mp xat24cr x1lziwak x1vvkbs xtlvy1s x126k92a\">\n<div dir=\"auto\"><span class=\"html-span xexx8yu xyri2b x18d9i69 x1c1uobl x1hl2dhg x16tdsg8 x1vvkbs x3nfvp2 x1j61x8r x1fcty0u xdj266r xat24cr xm2jcoa x1mpyi22 xxymvpz xlup9mm x1kky2od\"><img decoding=\"async\" loading=\"lazy\" class=\"xz74otr x15mokao x1ga7v0g x16uus16 xbiv7yw\" src=\"https:\/\/static.xx.fbcdn.net\/images\/emoji.php\/v9\/tf1\/1\/16\/1f4af.png\" alt=\"\ud83d\udcaf\" width=\"16\" height=\"16\" \/><\/span>D\u1ecbch v\u1ee5: Chuy\u00ean nghi\u1ec7p v\u00e0 t\u1eadn t\u00e2m<\/div>\n<div dir=\"auto\">\u0110\u1ed9i ng\u0169 nh\u00e2n vi\u00ean c\u1ee7a 22Land Hotel Saigon lu\u00f4n s\u1eb5n s\u00e0ng ph\u1ee5c v\u1ee5 kh\u00e1ch h\u00e0ng v\u1edbi th\u00e1i \u0111\u1ed9 nhi\u1ec7t t\u00ecnh v\u00e0 chuy\u00ean nghi\u1ec7p. T\u1eeb l\u1ec5 t\u00e2n, nh\u00e2n vi\u00ean ph\u1ee5c v\u1ee5 \u0111\u1ebfn nh\u00e2n vi\u00ean spa, t\u1ea5t c\u1ea3 \u0111\u1ec1u mang \u0111\u1ebfn cho kh\u00e1ch h\u00e0ng c\u1ea3m gi\u00e1c \u0111\u01b0\u1ee3c ch\u0103m s\u00f3c chu \u0111\u00e1o nh\u1ea5t. D\u1ecbch v\u1ee5 \u0111\u01b0a \u0111\u00f3n s\u00e2n bay c\u0169ng r\u1ea5t ti\u1ec7n l\u1ee3i, gi\u00fap kh\u00e1ch h\u00e0ng ti\u1ebft ki\u1ec7m th\u1eddi gian v\u00e0 c\u00f4ng s\u1ee9c.<\/div>\n<\/div>\n<div class=\"x14z9mp xat24cr x1lziwak x1vvkbs xtlvy1s x126k92a\">\n<div dir=\"auto\"><span class=\"html-span xexx8yu xyri2b x18d9i69 x1c1uobl x1hl2dhg x16tdsg8 x1vvkbs x3nfvp2 x1j61x8r x1fcty0u xdj266r xat24cr xm2jcoa x1mpyi22 xxymvpz xlup9mm x1kky2od\"><img decoding=\"async\" loading=\"lazy\" class=\"xz74otr x15mokao x1ga7v0g x16uus16 xbiv7yw\" src=\"https:\/\/static.xx.fbcdn.net\/images\/emoji.php\/v9\/t51\/1\/16\/1f9d6_200d_2640.png\" alt=\"\ud83e\uddd6\u200d\u2640\ufe0f\" width=\"16\" height=\"16\" \/><\/span>Spa: Th\u01b0 gi\u00e3n v\u00e0 t\u00e1i t\u1ea1o n\u0103ng l\u01b0\u1ee3ng<\/div>\n<div dir=\"auto\">Sau m\u1ed9t ng\u00e0y d\u00e0i kh\u00e1m ph\u00e1 th\u00e0nh ph\u1ed1, b\u1ea1n c\u00f3 th\u1ec3 \u0111\u1ebfn spa c\u1ee7a kh\u00e1ch s\u1ea1n \u0111\u1ec3 th\u01b0 gi\u00e3n v\u00e0 t\u00e1i t\u1ea1o n\u0103ng l\u01b0\u1ee3ng. V\u1edbi c\u00e1c li\u1ec7u tr\u00ecnh massage chuy\u00ean nghi\u1ec7p, spa s\u1ebd gi\u00fap b\u1ea1n xua tan m\u1ecdi m\u1ec7t m\u1ecfi v\u00e0 c\u0103ng th\u1eb3ng.<\/div>\n<div dir=\"auto\"><span class=\"html-span xexx8yu xyri2b x18d9i69 x1c1uobl x1hl2dhg x16tdsg8 x1vvkbs x3nfvp2 x1j61x8r x1fcty0u xdj266r xat24cr xm2jcoa x1mpyi22 xxymvpz xlup9mm x1kky2od\"><img decoding=\"async\" loading=\"lazy\" class=\"xz74otr x15mokao x1ga7v0g x16uus16 xbiv7yw\" src=\"https:\/\/static.xx.fbcdn.net\/images\/emoji.php\/v9\/tfb\/1\/16\/263a.png\" alt=\"\u263a\ufe0f\" width=\"16\" height=\"16\" \/><\/span>22Land Hotel Saigon l\u00e0 m\u1ed9t l\u1ef1a ch\u1ecdn ho\u00e0n h\u1ea3o cho nh\u1eefng ai \u0111ang t\u00ecm ki\u1ebfm m\u1ed9t n\u01a1i ngh\u1ec9 d\u01b0\u1ee1ng sang tr\u1ecdng v\u00e0 \u0111\u1eb3ng c\u1ea5p t\u1ea1i S\u00e0i G\u00f2n. V\u1edbi v\u1ecb tr\u00ed thu\u1eadn l\u1ee3i, d\u1ecbch v\u1ee5 chuy\u00ean nghi\u1ec7p v\u00e0 kh\u00f4ng gian \u1ea5m c\u00fang, kh\u00e1ch s\u1ea1n ch\u1eafc ch\u1eafn s\u1ebd mang \u0111\u1ebfn cho b\u1ea1n nh\u1eefng tr\u1ea3i nghi\u1ec7m \u0111\u00e1ng nh\u1edb.<\/div>\n<\/div>\n","protected":false},"excerpt":{"rendered":"<p>\ud835\udfd0\ud835\udfd0\ud835\udc0b\ud835\udc1a\ud835\udc27\ud835\udc1d \ud835\udc07\ud835\udc28\ud835\udc2d\ud835\udc1e\ud835\udc25 \ud835\udc12\ud835\udc1a\ud835\udc22\ud835\udc20\ud835\udc28\ud835\udc27 &#8211; \ud835\udc07\ud835\udc28\u0300\ud835\udc1a \ud835\udc2a\ud835\udc2e\ud835\udc32\ud835\udc1e\u0323\u0302\ud835\udc27 \ud835\udc20\ud835\udc22\ud835\udc2e\u031b\u0303\ud835\udc1a \ud835\udc2c\ud835\udc2e\u031b\u0323 \ud835\udc2c\ud835\udc1a\ud835\udc27\ud835\udc20 \ud835\udc2d\ud835\udc2b\ud835\udc28\u0323\ud835\udc27\ud835\udc20 \ud835\udc2f\ud835\udc1a\u0300 \ud835\udc1a\u0302\u0301\ud835\udc26 \ud835\udc1c\ud835\udc2e\u0301\ud835\udc27\ud835\udc20 M\u1ed9t thi\u00ean \u0111\u01b0\u1eddng ngh\u1ec9 d\u01b0\u1ee1ng gi\u1eefa l\u00f2ng S\u00e0i G\u00f2n T\u1ecda l\u1ea1c t\u1ea1i con \u0111\u01b0\u1eddng s\u1ea7m u\u1ea5t L\u00ea Th\u00e1nh T\u00f4n, qu\u1eadn 1, 22Land Hotel Saigon kh\u00f4ng ch\u1ec9 l\u00e0 m\u1ed9t kh\u00e1ch s\u1ea1n, m\u00e0 c\u00f2n l\u00e0 m\u1ed9t ki\u1ec7t t\u00e1c ki\u1ebfn tr\u00fac, m\u1ed9t kh\u00f4ng gian ngh\u1ec9 &#8230;<\/p>\n","protected":false},"author":2,"featured_media":0,"parent":0,"menu_order":0,"comment_status":"closed","ping_status":"closed","template":"","meta":[],"yst_prominent_words":[],"acf":[],"_links":{"self":[{"href":"https:\/\/22landresidence.com\/25-le-thanh-ton\/wp-json\/wp\/v2\/pages\/24"}],"collection":[{"href":"https:\/\/22landresidence.com\/25-le-thanh-ton\/wp-json\/wp\/v2\/pages"}],"about":[{"href":"https:\/\/22landresidence.com\/25-le-thanh-ton\/wp-json\/wp\/v2\/types\/page"}],"author":[{"embeddable":true,"href":"https:\/\/22landresidence.com\/25-le-thanh-ton\/wp-json\/wp\/v2\/users\/2"}],"replies":[{"embeddable":true,"href":"https:\/\/22landresidence.com\/25-le-thanh-ton\/wp-json\/wp\/v2\/comments?post=24"}],"version-history":[{"count":12,"href":"https:\/\/22landresidence.com\/25-le-thanh-ton\/wp-json\/wp\/v2\/pages\/24\/revisions"}],"predecessor-version":[{"id":1426,"href":"https:\/\/22landresidence.com\/25-le-thanh-ton\/wp-json\/wp\/v2\/pages\/24\/revisions\/1426"}],"wp:attachment":[{"href":"https:\/\/22landresidence.com\/25-le-thanh-ton\/wp-json\/wp\/v2\/media?parent=24"}],"wp:term":[{"taxonomy":"yst_prominent_words","embeddable":true,"href":"https:\/\/22landresidence.com\/25-le-thanh-ton\/wp-json\/wp\/v2\/yst_prominent_words?post=24"}],"curies":[{"name":"wp","href":"https:\/\/api.w.org\/{rel}","templated":true}]}}