{"id":260,"date":"2019-11-17T08:07:44","date_gmt":"2019-11-17T01:07:44","guid":{"rendered":"https:\/\/22landresidence.com\/25-le-thanh-ton\/?post_type=product&#038;p=260"},"modified":"2025-02-26T10:26:05","modified_gmt":"2025-02-26T03:26:05","slug":"deluxe-twin-sea-view-room","status":"publish","type":"product","link":"https:\/\/22landresidence.com\/25-le-thanh-ton\/room\/deluxe-twin-sea-view-room\/","title":{"rendered":"22LAND SIGNATURE"},"content":{"rendered":"","protected":false},"excerpt":{"rendered":"<p>C\u00e1c c\u0103n h\u1ed9 \u0111\u01b0\u1ee3c thi\u1ebft k\u1ebf \u0111\u1eb7c bi\u1ec7t, theo phong c\u00e1ch \u0111\u1ecba trung h\u1ea3i k\u1ebft h\u1ee3p c\u1ed5 \u0111i\u1ec3n, h\u00e0nh lang thi\u1ebft k\u1ebf m\u00e1i v\u00f2m ki\u1ec3u Hy L\u1ea1p&#8230; C\u0103n h\u1ed9 02 ng\u1ee7 c\u00f3 ban c\u00f4ng l\u1edbn v\u00e0 nhi\u1ec1u \u00e1nh s\u00e1ng t\u1ef1 nhi\u00ean, t\u1ea7m nh\u00ecn kh\u00f4ng gi\u1edbi h\u1ea1n, n\u1ed9i th\u1ea5t g\u1ed7 th\u00f4ng minh, \u0111\u1eb7c bi\u1ec7t b\u1ed3n t\u1eafm \u0111\u00e1 \u0110\u1ecba Trung H\u1ea3i. R\u1ea5t th\u00edch h\u1ee3p cho gia \u0111\u00ecnh ho\u1eb7c nh\u00f3m b\u1ea1n tr\u1ebb v\u0103n minh, s\u00e0nh \u0111i\u1ec7u mu\u1ed1n l\u1ef1a ch\u1ecdn cho m\u00ecnh 1 \u0111i\u1ec3m \u0111\u1ebfn thay \u0111\u1ed5i kh\u00f4ng kh\u00ed v\u00e0 trong trung t\u00e2m th\u00e0nh ph\u1ed1.<\/p>\n","protected":false},"featured_media":1411,"comment_status":"open","ping_status":"closed","template":"","meta":[],"product_cat":[22,42,23],"product_tag":[],"yst_prominent_words":[],"acf":[],"_links":{"self":[{"href":"https:\/\/22landresidence.com\/25-le-thanh-ton\/wp-json\/wp\/v2\/product\/260"}],"collection":[{"href":"https:\/\/22landresidence.com\/25-le-thanh-ton\/wp-json\/wp\/v2\/product"}],"about":[{"href":"https:\/\/22landresidence.com\/25-le-thanh-ton\/wp-json\/wp\/v2\/types\/product"}],"replies":[{"embeddable":true,"href":"https:\/\/22landresidence.com\/25-le-thanh-ton\/wp-json\/wp\/v2\/comments?post=260"}],"wp:featuredmedia":[{"embeddable":true,"href":"https:\/\/22landresidence.com\/25-le-thanh-ton\/wp-json\/wp\/v2\/media\/1411"}],"wp:attachment":[{"href":"https:\/\/22landresidence.com\/25-le-thanh-ton\/wp-json\/wp\/v2\/media?parent=260"}],"wp:term":[{"taxonomy":"product_cat","embeddable":true,"href":"https:\/\/22landresidence.com\/25-le-thanh-ton\/wp-json\/wp\/v2\/product_cat?post=260"},{"taxonomy":"product_tag","embeddable":true,"href":"https:\/\/22landresidence.com\/25-le-thanh-ton\/wp-json\/wp\/v2\/product_tag?post=260"},{"taxonomy":"yst_prominent_words","embeddable":true,"href":"https:\/\/22landresidence.com\/25-le-thanh-ton\/wp-json\/wp\/v2\/yst_prominent_words?post=260"}],"curies":[{"name":"wp","href":"https:\/\/api.w.org\/{rel}","templated":true}]}}