{"id":2,"date":"2019-11-16T01:11:52","date_gmt":"2019-11-16T01:11:52","guid":{"rendered":"https:\/\/22landresidence.com\/65trichsai\/?page_id=2"},"modified":"2023-11-21T09:50:25","modified_gmt":"2023-11-21T02:50:25","slug":"trang-chu","status":"publish","type":"page","link":"https:\/\/22landresidence.com\/65trichsai\/","title":{"rendered":"Trang ch\u1ee7"},"content":{"rendered":"\t<section class=\"section section-banner\" id=\"section_1405223960\">\n\t\t<div class=\"bg section-bg fill bg-fill  bg-loaded\" >\n\n\t\t\t\n\t\t\t\n\t\t\t\n\n\t\t<\/div>\n\n\t\t\n\n\t\t<div class=\"section-content relative\">\n\t\t\t\n<div class=\"slider-wrapper relative\" id=\"slider-1136668319\" >\n    <div class=\"slider slider-nav-circle slider-nav-large slider-nav-light slider-style-normal\"\n        data-flickity-options='{\n            \"cellAlign\": \"center\",\n            \"imagesLoaded\": true,\n            \"lazyLoad\": 1,\n            \"freeScroll\": false,\n            \"wrapAround\": true,\n            \"autoPlay\": 5000,\n            \"pauseAutoPlayOnHover\" : true,\n            \"prevNextButtons\": true,\n            \"contain\" : true,\n            \"adaptiveHeight\" : true,\n            \"dragThreshold\" : 10,\n            \"percentPosition\": true,\n            \"pageDots\": true,\n            \"rightToLeft\": false,\n            \"draggable\": true,\n            \"selectedAttraction\": 0.1,\n            \"parallax\" : 0,\n            \"friction\": 0.6        }'\n        >\n        \n\t<div class=\"img has-hover x md-x lg-x y md-y lg-y\" id=\"image_936888783\">\n\t\t\t\t\t\t\t\t<div class=\"img-inner image-cover dark\" style=\"padding-top:50%;\">\n\t\t\t<img width=\"1020\" height=\"680\" src=\"https:\/\/22landresidence.com\/65trichsai\/wp-content\/uploads\/sites\/14\/2023\/11\/1.Benngoai-3-min-1024x683.jpg\" class=\"attachment-large size-large\" alt=\"65trichsai_22landresidence\" decoding=\"async\" loading=\"lazy\" srcset=\"https:\/\/22landresidence.com\/65trichsai\/wp-content\/uploads\/sites\/14\/2023\/11\/1.Benngoai-3-min-1024x683.jpg 1024w, https:\/\/22landresidence.com\/65trichsai\/wp-content\/uploads\/sites\/14\/2023\/11\/1.Benngoai-3-min-300x200.jpg 300w, https:\/\/22landresidence.com\/65trichsai\/wp-content\/uploads\/sites\/14\/2023\/11\/1.Benngoai-3-min-768x512.jpg 768w, https:\/\/22landresidence.com\/65trichsai\/wp-content\/uploads\/sites\/14\/2023\/11\/1.Benngoai-3-min-1536x1024.jpg 1536w, https:\/\/22landresidence.com\/65trichsai\/wp-content\/uploads\/sites\/14\/2023\/11\/1.Benngoai-3-min-2048x1365.jpg 2048w, https:\/\/22landresidence.com\/65trichsai\/wp-content\/uploads\/sites\/14\/2023\/11\/1.Benngoai-3-min-900x600.jpg 900w\" sizes=\"(max-width: 1020px) 100vw, 1020px\" \/>\t\t\t\t\t\t\t<div class=\"overlay\" style=\"background-color: rgba(165, 165, 165, 0.2)\"><\/div>\n\t\t\t\t\t\t\n\t\t\t\t\t<\/div>\n\t\t\t\t\t\t\t\t\n<style>\n#image_936888783 {\n  width: 100%;\n}\n<\/style>\n\t<\/div>\n\t\n     <\/div>\n\n     <div class=\"loading-spin dark large centered\"><\/div>\n\n     \t<\/div>\n\n\n\t\t<\/div>\n\n\t\t\n<style>\n#section_1405223960 {\n  padding-top: 0px;\n  padding-bottom: 0px;\n}\n#section_1405223960 .ux-shape-divider--top svg {\n  height: 150px;\n  --divider-top-width: 100%;\n}\n#section_1405223960 .ux-shape-divider--bottom svg {\n  height: 150px;\n  --divider-width: 100%;\n}\n<\/style>\n\t<\/section>\n\t\n\t<section class=\"section gioi-thieu-section\" id=\"section_1647554814\">\n\t\t<div class=\"bg section-bg fill bg-fill  bg-loaded\" >\n\n\t\t\t\n\t\t\t\n\t\t\t\n\n\t\t<\/div>\n\n\t\t\n\n\t\t<div class=\"section-content relative\">\n\t\t\t\n<div class=\"row row-large\"  id=\"row-546663351\">\n\n\t<div id=\"col-1096959634\" class=\"col medium-6 small-12 large-6\"  >\n\t\t\t\t<div class=\"col-inner\"  >\n\t\t\t\n\t\t\t\n<p>V\u1ec0 CH\u00daNG T\u00d4I<\/p>\n<p><strong>Lakeview Apartment &#8211; Kh\u00f4ng gian ngh\u1ec9 d\u01b0\u1ee1ng cao c\u1ea5p ngay t\u1ea1i H\u1ed3 T\u00e2y<\/strong><\/p>\n<p>\u201cT\u1ecda l\u1ea1c b\u00ean b\u1edd H\u1ed3 T\u00e2y th\u01a1 m\u1ed9ng, <strong>Lakeview Apartment<\/strong> l\u00e0 \u0111i\u1ec3m \u0111\u1ebfn l\u00fd t\u01b0\u1edfng cho du kh\u00e1ch trong v\u00e0 ngo\u00e0i n\u01b0\u1edbc. C\u00e1ch s\u00e2n bay N\u1ed9i B\u00e0i ch\u1ec9 30 ph\u00fat v\u00e0 trung t\u00e2m th\u00e0nh ph\u1ed1 15 ph\u00fat, kh\u00e1ch s\u1ea1n mang \u0111\u1ebfn cho du kh\u00e1ch s\u1ef1 thu\u1eadn ti\u1ec7n t\u1ed1i \u0111a trong vi\u1ec7c di chuy\u1ec3n.<\/p>\n<p>Kh\u00e1ch s\u1ea1n \u0111\u01b0\u1ee3c thi\u1ebft k\u1ebf theo phong c\u00e1ch hi\u1ec7n \u0111\u1ea1i, sang tr\u1ecdng v\u1edbi \u0111\u1ea7y \u0111\u1ee7 ti\u1ec7n nghi hi\u1ec7n \u0111\u1ea1i, mang \u0111\u1ebfn cho du kh\u00e1ch m\u1ed9t kh\u00f4ng gian ngh\u1ec9 d\u01b0\u1ee1ng tho\u1ea3i m\u00e1i v\u00e0 th\u01b0 gi\u00e3n. C\u00e1c ph\u00f2ng ngh\u1ec9 r\u1ed9ng r\u00e3i, tho\u00e1ng m\u00e1t v\u1edbi t\u1ea7m nh\u00ecn h\u01b0\u1edbng ra H\u1ed3 T\u00e2y v\u00e0 th\u00e0nh ph\u1ed1. Kh\u00e1ch s\u1ea1n g\u1ea7n r\u1ea5t nhi\u1ec1u khu ti\u1ec7n \u00edch cung c\u1ea5p c\u00e1c d\u1ecbch v\u1ee5 nh\u01b0 nh\u00e0 h\u00e0ng, spa, ph\u00f2ng t\u1eadp gym,&#8230;<span style=\"font-size: 14.4px\">.\u201d<\/span><\/p>\n\n\t\t<div class=\"icon-box featured-box icon-box-top text-left\"  >\n\t\t\t\t<div class=\"icon-box-text last-reset\">\n\t\t\t\t\t\t\t\t\t\n<h3>Amazon Bui &#8211; CEO 22housing<\/h3>\n\t\t<\/div>\n\t<\/div>\n\t\n\t\n\t\t<\/div>\n\t\t\t\t\t<\/div>\n\n\t\n\n\t<div id=\"col-488211306\" class=\"col medium-6 small-12 large-6\"  >\n\t\t\t\t<div class=\"col-inner\"  >\n\t\t\t\n\t\t\t\n\t<div class=\"img has-hover hidden x md-x lg-x y md-y lg-y\" id=\"image_271186774\">\n\t\t\t\t\t\t<div data-animate=\"bounceIn\">\t\t<div class=\"img-inner image-fade-out dark\" >\n\t\t\t<img width=\"1506\" height=\"1506\" src=\"https:\/\/22landresidence.com\/65trichsai\/wp-content\/uploads\/sites\/14\/2022\/01\/270137897_134888378985645_2976556792784745915_n.jpg\" class=\"attachment-original size-original\" alt=\"\" decoding=\"async\" loading=\"lazy\" srcset=\"https:\/\/22landresidence.com\/65trichsai\/wp-content\/uploads\/sites\/14\/2022\/01\/270137897_134888378985645_2976556792784745915_n.jpg 1506w, https:\/\/22landresidence.com\/65trichsai\/wp-content\/uploads\/sites\/14\/2022\/01\/270137897_134888378985645_2976556792784745915_n-150x150.jpg 150w, https:\/\/22landresidence.com\/65trichsai\/wp-content\/uploads\/sites\/14\/2022\/01\/270137897_134888378985645_2976556792784745915_n-300x300.jpg 300w, https:\/\/22landresidence.com\/65trichsai\/wp-content\/uploads\/sites\/14\/2022\/01\/270137897_134888378985645_2976556792784745915_n-768x768.jpg 768w, https:\/\/22landresidence.com\/65trichsai\/wp-content\/uploads\/sites\/14\/2022\/01\/270137897_134888378985645_2976556792784745915_n-1024x1024.jpg 1024w, https:\/\/22landresidence.com\/65trichsai\/wp-content\/uploads\/sites\/14\/2022\/01\/270137897_134888378985645_2976556792784745915_n-570x570.jpg 570w, https:\/\/22landresidence.com\/65trichsai\/wp-content\/uploads\/sites\/14\/2022\/01\/270137897_134888378985645_2976556792784745915_n-900x900.jpg 900w, https:\/\/22landresidence.com\/65trichsai\/wp-content\/uploads\/sites\/14\/2022\/01\/270137897_134888378985645_2976556792784745915_n-100x100.jpg 100w\" sizes=\"(max-width: 1506px) 100vw, 1506px\" \/>\t\t\t\t\t\t\n\t\t\t\t\t<\/div>\n\t\t<\/div>\t\t\t\t\t\t\n<style>\n#image_271186774 {\n  width: 100%;\n}\n<\/style>\n\t<\/div>\n\t\n<div class=\"video video-fit mb\" style=\"padding-top:56.25%;\"><p><iframe loading=\"lazy\" title=\"185A Tr\u00edch S\u00e0i\" width=\"1020\" height=\"574\" src=\"https:\/\/www.youtube.com\/embed\/sIs-fwaloQM?feature=oembed\" frameborder=\"0\" allow=\"accelerometer; autoplay; clipboard-write; encrypted-media; gyroscope; picture-in-picture\" allowfullscreen><\/iframe><\/p>\n<\/div>\n\t\t<\/div>\n\t\t\t\t\t<\/div>\n\n\t\n<\/div>\n\t\t<\/div>\n\n\t\t\n<style>\n#section_1647554814 {\n  padding-top: 45px;\n  padding-bottom: 45px;\n}\n#section_1647554814 .ux-shape-divider--top svg {\n  height: 150px;\n  --divider-top-width: 100%;\n}\n#section_1647554814 .ux-shape-divider--bottom svg {\n  height: 150px;\n  --divider-width: 100%;\n}\n<\/style>\n\t<\/section>\n\t\n\n\n\n\t<section class=\"section\" id=\"section_938404751\">\n\t\t<div class=\"bg section-bg fill bg-fill  bg-loaded\" >\n\n\t\t\t\n\t\t\t\n\t\t\t\n\n\t\t<\/div>\n\n\t\t\n\n\t\t<div class=\"section-content relative\">\n\t\t\t\n<div class=\"row\"  id=\"row-1965560457\">\n\n\t<div id=\"col-1787654243\" class=\"col div-no-padding small-12 large-12\"  >\n\t\t\t\t<div class=\"col-inner\"  >\n\t\t\t\n\t\t\t\n<h2 style=\"text-align: center\">C\u00c1C C\u0102N H\u1ed8 HI\u1ec6N C\u00d3<\/h2>\n\t<div id=\"gap-1269875974\" class=\"gap-element clearfix\" style=\"display:block; height:auto;\">\n\t\t\n<style>\n#gap-1269875974 {\n  padding-top: 30px;\n}\n<\/style>\n\t<\/div>\n\t\n\n  \n    <div class=\"row large-columns-3 medium-columns- small-columns-2 row-small\">\n  \t\n\t     <div class=\"product-small col has-hover product type-product post-1078 status-publish first instock product_cat-cap-doi product_cat-sang-trong product_tag-22landresidence product_tag-khach-san-view-ho product_tag-khach-san-view-ho-tay product_tag-khachsan product_tag-lake-view has-post-thumbnail shipping-taxable purchasable product-type-simple\">\n\t<div class=\"col-inner\">\n\t\n<div class=\"badge-container absolute left top z-1\">\n\n<\/div>\n\t<div class=\"product-small box \">\n\t\t<div class=\"box-image\">\n\t\t\t<div class=\"image-none\">\n\t\t\t\t<a href=\"https:\/\/22landresidence.com\/65trichsai\/room\/family-room\/\" aria-label=\"Ph\u00f2ng 01 Standard (Part Lake View)\">\n\t\t\t\t\t<img width=\"570\" height=\"570\" src=\"https:\/\/22landresidence.com\/65trichsai\/wp-content\/uploads\/sites\/14\/2022\/01\/5.PHONG5-5-1-570x570.jpg\" class=\"attachment-woocommerce_thumbnail size-woocommerce_thumbnail\" alt=\"65trich-sai-22land-residence\" decoding=\"async\" loading=\"lazy\" srcset=\"https:\/\/22landresidence.com\/65trichsai\/wp-content\/uploads\/sites\/14\/2022\/01\/5.PHONG5-5-1-570x570.jpg 570w, https:\/\/22landresidence.com\/65trichsai\/wp-content\/uploads\/sites\/14\/2022\/01\/5.PHONG5-5-1-150x150.jpg 150w, https:\/\/22landresidence.com\/65trichsai\/wp-content\/uploads\/sites\/14\/2022\/01\/5.PHONG5-5-1-100x100.jpg 100w\" sizes=\"(max-width: 570px) 100vw, 570px\" \/>\t\t\t\t<\/a>\n\t\t\t<\/div>\n\t\t\t<div class=\"image-tools is-small top right show-on-hover\">\n\t\t\t\t\t\t\t<\/div>\n\t\t\t<div class=\"image-tools is-small hide-for-small bottom left show-on-hover\">\n\t\t\t\t\t\t\t<\/div>\n\t\t\t<div class=\"image-tools grid-tools text-center hide-for-small bottom hover-slide-in show-on-hover\">\n\t\t\t\t\t\t\t<\/div>\n\t\t\t\t\t<\/div>\n\n\t\t<div class=\"box-text box-text-products\">\n\t\t\t<div class=\"title-wrapper\"><\/div><div class=\"price-wrapper\"><\/div>\t\t<\/div>\n\t<\/div>\n\t\t<\/div>\n<\/div><div class=\"product-small col has-hover product type-product post-578 status-publish last instock product_cat-cap-doi product_cat-sang-trong product_tag-khach-san product_tag-khach-san-view-ho product_tag-khach-san-view-ho-tay product_tag-khachsan product_tag-ngam-canh-ho has-post-thumbnail virtual purchasable product-type-simple\">\n\t<div class=\"col-inner\">\n\t\n<div class=\"badge-container absolute left top z-1\">\n\n<\/div>\n\t<div class=\"product-small box \">\n\t\t<div class=\"box-image\">\n\t\t\t<div class=\"image-none\">\n\t\t\t\t<a href=\"https:\/\/22landresidence.com\/65trichsai\/room\/luxury-double-room-suite\/\" aria-label=\"Deluxe Double (lake view)\">\n\t\t\t\t\t<img width=\"570\" height=\"570\" src=\"https:\/\/22landresidence.com\/65trichsai\/wp-content\/uploads\/sites\/14\/2020\/12\/7.PHONG7-11-min-570x570.jpg\" class=\"attachment-woocommerce_thumbnail size-woocommerce_thumbnail\" alt=\"\" decoding=\"async\" loading=\"lazy\" srcset=\"https:\/\/22landresidence.com\/65trichsai\/wp-content\/uploads\/sites\/14\/2020\/12\/7.PHONG7-11-min-570x570.jpg 570w, https:\/\/22landresidence.com\/65trichsai\/wp-content\/uploads\/sites\/14\/2020\/12\/7.PHONG7-11-min-150x150.jpg 150w, https:\/\/22landresidence.com\/65trichsai\/wp-content\/uploads\/sites\/14\/2020\/12\/7.PHONG7-11-min-100x100.jpg 100w\" sizes=\"(max-width: 570px) 100vw, 570px\" \/>\t\t\t\t<\/a>\n\t\t\t<\/div>\n\t\t\t<div class=\"image-tools is-small top right show-on-hover\">\n\t\t\t\t\t\t\t<\/div>\n\t\t\t<div class=\"image-tools is-small hide-for-small bottom left show-on-hover\">\n\t\t\t\t\t\t\t<\/div>\n\t\t\t<div class=\"image-tools grid-tools text-center hide-for-small bottom hover-slide-in show-on-hover\">\n\t\t\t\t\t\t\t<\/div>\n\t\t\t\t\t<\/div>\n\n\t\t<div class=\"box-text box-text-products\">\n\t\t\t<div class=\"title-wrapper\"><\/div><div class=\"price-wrapper\"><\/div>\t\t<\/div>\n\t<\/div>\n\t\t<\/div>\n<\/div><div class=\"product-small col has-hover product type-product post-576 status-publish first instock product_cat-cap-doi product_cat-sang-trong has-post-thumbnail virtual purchasable product-type-simple\">\n\t<div class=\"col-inner\">\n\t\n<div class=\"badge-container absolute left top z-1\">\n\n<\/div>\n\t<div class=\"product-small box \">\n\t\t<div class=\"box-image\">\n\t\t\t<div class=\"image-none\">\n\t\t\t\t<a href=\"https:\/\/22landresidence.com\/65trichsai\/room\/luxury-double-suite-attic-floor\/\" aria-label=\"Ph\u00f2ng Deluxe Twin (lake view)\">\n\t\t\t\t\t<img width=\"570\" height=\"570\" src=\"https:\/\/22landresidence.com\/65trichsai\/wp-content\/uploads\/sites\/14\/2020\/12\/2.PHONG2-1-min-570x570.jpg\" class=\"attachment-woocommerce_thumbnail size-woocommerce_thumbnail\" alt=\"\" decoding=\"async\" loading=\"lazy\" srcset=\"https:\/\/22landresidence.com\/65trichsai\/wp-content\/uploads\/sites\/14\/2020\/12\/2.PHONG2-1-min-570x570.jpg 570w, https:\/\/22landresidence.com\/65trichsai\/wp-content\/uploads\/sites\/14\/2020\/12\/2.PHONG2-1-min-150x150.jpg 150w, https:\/\/22landresidence.com\/65trichsai\/wp-content\/uploads\/sites\/14\/2020\/12\/2.PHONG2-1-min-100x100.jpg 100w\" sizes=\"(max-width: 570px) 100vw, 570px\" \/>\t\t\t\t<\/a>\n\t\t\t<\/div>\n\t\t\t<div class=\"image-tools is-small top right show-on-hover\">\n\t\t\t\t\t\t\t<\/div>\n\t\t\t<div class=\"image-tools is-small hide-for-small bottom left show-on-hover\">\n\t\t\t\t\t\t\t<\/div>\n\t\t\t<div class=\"image-tools grid-tools text-center hide-for-small bottom hover-slide-in show-on-hover\">\n\t\t\t\t\t\t\t<\/div>\n\t\t\t\t\t<\/div>\n\n\t\t<div class=\"box-text box-text-products\">\n\t\t\t<div class=\"title-wrapper\"><\/div><div class=\"price-wrapper\"><\/div>\t\t<\/div>\n\t<\/div>\n\t\t<\/div>\n<\/div><div class=\"product-small col has-hover product type-product post-574 status-publish last instock product_cat-cap-doi product_cat-sang-trong has-post-thumbnail virtual purchasable product-type-simple\">\n\t<div class=\"col-inner\">\n\t\n<div class=\"badge-container absolute left top z-1\">\n\n<\/div>\n\t<div class=\"product-small box \">\n\t\t<div class=\"box-image\">\n\t\t\t<div class=\"image-none\">\n\t\t\t\t<a href=\"https:\/\/22landresidence.com\/65trichsai\/room\/luxury-family-double-room-suite\/\" aria-label=\"Deluxe Balcony (lake view)\">\n\t\t\t\t\t<img width=\"570\" height=\"570\" src=\"https:\/\/22landresidence.com\/65trichsai\/wp-content\/uploads\/sites\/14\/2020\/12\/8PHONG8-15-min-570x570.jpg\" class=\"attachment-woocommerce_thumbnail size-woocommerce_thumbnail\" alt=\"\" decoding=\"async\" loading=\"lazy\" srcset=\"https:\/\/22landresidence.com\/65trichsai\/wp-content\/uploads\/sites\/14\/2020\/12\/8PHONG8-15-min-570x570.jpg 570w, https:\/\/22landresidence.com\/65trichsai\/wp-content\/uploads\/sites\/14\/2020\/12\/8PHONG8-15-min-150x150.jpg 150w, https:\/\/22landresidence.com\/65trichsai\/wp-content\/uploads\/sites\/14\/2020\/12\/8PHONG8-15-min-100x100.jpg 100w\" sizes=\"(max-width: 570px) 100vw, 570px\" \/>\t\t\t\t<\/a>\n\t\t\t<\/div>\n\t\t\t<div class=\"image-tools is-small top right show-on-hover\">\n\t\t\t\t\t\t\t<\/div>\n\t\t\t<div class=\"image-tools is-small hide-for-small bottom left show-on-hover\">\n\t\t\t\t\t\t\t<\/div>\n\t\t\t<div class=\"image-tools grid-tools text-center hide-for-small bottom hover-slide-in show-on-hover\">\n\t\t\t\t\t\t\t<\/div>\n\t\t\t\t\t<\/div>\n\n\t\t<div class=\"box-text box-text-products\">\n\t\t\t<div class=\"title-wrapper\"><\/div><div class=\"price-wrapper\"><\/div>\t\t<\/div>\n\t<\/div>\n\t\t<\/div>\n<\/div><div class=\"product-small col has-hover product type-product post-572 status-publish first instock product_cat-cap-doi product_cat-gia-dinh product_cat-sang-trong has-post-thumbnail virtual purchasable product-type-simple\">\n\t<div class=\"col-inner\">\n\t\n<div class=\"badge-container absolute left top z-1\">\n\n<\/div>\n\t<div class=\"product-small box \">\n\t\t<div class=\"box-image\">\n\t\t\t<div class=\"image-none\">\n\t\t\t\t<a href=\"https:\/\/22landresidence.com\/65trichsai\/room\/luxury-single-room-art-suite\/\" aria-label=\"Suite Balcony (lake view)\">\n\t\t\t\t\t<img width=\"570\" height=\"570\" src=\"https:\/\/22landresidence.com\/65trichsai\/wp-content\/uploads\/sites\/14\/2020\/12\/9.PHONG9-1-570x570.jpg\" class=\"attachment-woocommerce_thumbnail size-woocommerce_thumbnail\" alt=\"\" decoding=\"async\" loading=\"lazy\" srcset=\"https:\/\/22landresidence.com\/65trichsai\/wp-content\/uploads\/sites\/14\/2020\/12\/9.PHONG9-1-570x570.jpg 570w, https:\/\/22landresidence.com\/65trichsai\/wp-content\/uploads\/sites\/14\/2020\/12\/9.PHONG9-1-150x150.jpg 150w, https:\/\/22landresidence.com\/65trichsai\/wp-content\/uploads\/sites\/14\/2020\/12\/9.PHONG9-1-100x100.jpg 100w\" sizes=\"(max-width: 570px) 100vw, 570px\" \/>\t\t\t\t<\/a>\n\t\t\t<\/div>\n\t\t\t<div class=\"image-tools is-small top right show-on-hover\">\n\t\t\t\t\t\t\t<\/div>\n\t\t\t<div class=\"image-tools is-small hide-for-small bottom left show-on-hover\">\n\t\t\t\t\t\t\t<\/div>\n\t\t\t<div class=\"image-tools grid-tools text-center hide-for-small bottom hover-slide-in show-on-hover\">\n\t\t\t\t\t\t\t<\/div>\n\t\t\t\t\t<\/div>\n\n\t\t<div class=\"box-text box-text-products\">\n\t\t\t<div class=\"title-wrapper\"><\/div><div class=\"price-wrapper\"><\/div>\t\t<\/div>\n\t<\/div>\n\t\t<\/div>\n<\/div><\/div>\n\t\t<\/div>\n\t\t\t\t\t<\/div>\n\n\t\n<\/div>\n\t\t<\/div>\n\n\t\t\n<style>\n#section_938404751 {\n  padding-top: 30px;\n  padding-bottom: 30px;\n}\n#section_938404751 .ux-shape-divider--top svg {\n  height: 150px;\n  --divider-top-width: 100%;\n}\n#section_938404751 .ux-shape-divider--bottom svg {\n  height: 150px;\n  --divider-width: 100%;\n}\n<\/style>\n\t<\/section>\n\t\n\n\t<section class=\"section diem-den\" id=\"section_222373831\">\n\t\t<div class=\"bg section-bg fill bg-fill  bg-loaded\" >\n\n\t\t\t\n\t\t\t\n\t\t\t\n\n\t\t<\/div>\n\n\t\t\n\n\t\t<div class=\"section-content relative\">\n\t\t\t\n<div class=\"row\"  id=\"row-793303036\">\n\n\t<div id=\"col-1692534710\" class=\"col medium-4 small-12 large-4\"  >\n\t\t\t\t<div class=\"col-inner\"  >\n\t\t\t\n\t\t\t\n<p>\u0110I\u1ec2M \u0110\u1ebeN<\/p>\n<h1>Kh\u00e1m ph\u00e1 Th\u00e1i B\u00ecnh D\u01b0\u01a1ng<\/h1>\n<p>V\u1edbi h\u01a1n 3.400km \u0111\u01b0\u1eddng b\u1edd bi\u1ec3n, Vi\u1ec7t Nam l\u00e0 m\u1ed9t trong nh\u1eefng qu\u1ed1c gia c\u00f3 \u01b0u th\u1ebf trong ph\u00e1t tri\u1ec3n du l\u1ecbch bi\u1ec3n k\u1ebft h\u1ee3p kh\u00e1m ph\u00e1, ngh\u1ec9 d\u01b0\u1ee1ng. V\u1ebb \u0111\u1eb9p hoang s\u01a1 c\u1ee7a nh\u1eefng b\u1edd c\u00e1t tr\u1eafng tinh, v\u1ecbnh bi\u1ec3n hoang s\u01a1 hay nh\u1eefng h\u00f2n \u0111\u1ea3o nhi\u1ec7t \u0111\u1edbi quanh n\u0103m t\u01b0\u01a1i t\u1ed1t, nh\u1eefng r\u1eb7ng san h\u00f4 l\u1ed9ng l\u1eaby\u2026 t\u1ea5t c\u1ea3 \u0111ang m\u1eddi g\u1ecdi b\u01b0\u1edbc ch\u00e2n b\u1ea1n.<\/p>\n<a class=\"button primary is-underline lowercase\"  >\n    <span>Xem th\u00eam<\/span>\n  <\/a>\n\n\t\t<\/div>\n\t\t\t\t\t<\/div>\n\n\t\n\n\t<div id=\"col-1682961260\" class=\"col medium-7 small-12 large-7\"  >\n\t\t\t\t<div class=\"col-inner text-center\"  >\n\t\t\t\n\t\t\t\n\t<div class=\"img has-hover x md-x lg-x y md-y lg-y\" id=\"image_816628552\">\n\t\t\t\t\t\t\t\t<div class=\"img-inner dark\" >\n\t\t\t<img width=\"900\" height=\"650\" src=\"https:\/\/22landresidence.com\/65trichsai\/wp-content\/uploads\/sites\/14\/2020\/10\/home_pic2-900x650-1.jpg\" class=\"attachment-large size-large\" alt=\"\" decoding=\"async\" loading=\"lazy\" srcset=\"https:\/\/22landresidence.com\/65trichsai\/wp-content\/uploads\/sites\/14\/2020\/10\/home_pic2-900x650-1.jpg 900w, https:\/\/22landresidence.com\/65trichsai\/wp-content\/uploads\/sites\/14\/2020\/10\/home_pic2-900x650-1-300x217.jpg 300w, https:\/\/22landresidence.com\/65trichsai\/wp-content\/uploads\/sites\/14\/2020\/10\/home_pic2-900x650-1-768x555.jpg 768w, https:\/\/22landresidence.com\/65trichsai\/wp-content\/uploads\/sites\/14\/2020\/10\/home_pic2-900x650-1-600x433.jpg 600w\" sizes=\"(max-width: 900px) 100vw, 900px\" \/>\t\t\t\t\t\t\n\t\t\t\t\t<\/div>\n\t\t\t\t\t\t\t\t\n<style>\n#image_816628552 {\n  width: 100%;\n}\n<\/style>\n\t<\/div>\n\t\n\t\t<\/div>\n\t\t\t\t\t<\/div>\n\n\t\n<\/div>\n\t\t<\/div>\n\n\t\t\n<style>\n#section_222373831 {\n  padding-top: 30px;\n  padding-bottom: 30px;\n}\n#section_222373831 .ux-shape-divider--top svg {\n  height: 150px;\n  --divider-top-width: 100%;\n}\n#section_222373831 .ux-shape-divider--bottom svg {\n  height: 150px;\n  --divider-width: 100%;\n}\n<\/style>\n\t<\/section>\n\t\n","protected":false},"excerpt":{"rendered":"","protected":false},"author":2,"featured_media":0,"parent":0,"menu_order":0,"comment_status":"closed","ping_status":"open","template":"page-transparent-header-light.php","meta":[],"yst_prominent_words":[],"acf":[],"_links":{"self":[{"href":"https:\/\/22landresidence.com\/65trichsai\/wp-json\/wp\/v2\/pages\/2"}],"collection":[{"href":"https:\/\/22landresidence.com\/65trichsai\/wp-json\/wp\/v2\/pages"}],"about":[{"href":"https:\/\/22landresidence.com\/65trichsai\/wp-json\/wp\/v2\/types\/page"}],"author":[{"embeddable":true,"href":"https:\/\/22landresidence.com\/65trichsai\/wp-json\/wp\/v2\/users\/2"}],"replies":[{"embeddable":true,"href":"https:\/\/22landresidence.com\/65trichsai\/wp-json\/wp\/v2\/comments?post=2"}],"version-history":[{"count":102,"href":"https:\/\/22landresidence.com\/65trichsai\/wp-json\/wp\/v2\/pages\/2\/revisions"}],"predecessor-version":[{"id":1384,"href":"https:\/\/22landresidence.com\/65trichsai\/wp-json\/wp\/v2\/pages\/2\/revisions\/1384"}],"wp:attachment":[{"href":"https:\/\/22landresidence.com\/65trichsai\/wp-json\/wp\/v2\/media?parent=2"}],"wp:term":[{"taxonomy":"yst_prominent_words","embeddable":true,"href":"https:\/\/22landresidence.com\/65trichsai\/wp-json\/wp\/v2\/yst_prominent_words?post=2"}],"curies":[{"name":"wp","href":"https:\/\/api.w.org\/{rel}","templated":true}]}}