{"id":24,"date":"2019-11-16T08:34:22","date_gmt":"2019-11-16T01:34:22","guid":{"rendered":"https:\/\/22landresidence.com\/71hangbong\/?page_id=24"},"modified":"2022-06-22T15:28:36","modified_gmt":"2022-06-22T08:28:36","slug":"gioi-thieu","status":"publish","type":"page","link":"https:\/\/22landresidence.com\/71hangbong\/gioi-thieu\/","title":{"rendered":"Gi\u1edbi thi\u1ec7u"},"content":{"rendered":"<p>\u00a0<\/p>\n<div class=\"kvgmc6g5 cxmmr5t8 oygrvhab hcukyx3x c1et5uql ii04i59q\">\n<h4><strong>\ud835\udfd0\ud835\udfd0\ud835\udc0b\ud835\udc00\ud835\udc0d\ud835\udc03 \ud835\udc11\ud835\udc04\ud835\udc12\ud835\udc08\ud835\udc03\ud835\udc04\ud835\udc0d\ud835\udc02\ud835\udc04 \ud835\udc07\ud835\udc0e\ud835\udc13\ud835\udc04\ud835\udc0b \u2013 71 H\u00c0NG B\u00d4NG, H\ud835\udc0e\ud835\udc00\u0300\ud835\udc0d \ud835\udc0a\ud835\udc08\ud835\udc04\u0302\u0301\ud835\udc0c\u00a0\u2013 \ud835\udc0a\ud835\udc21\ud835\udc1a\u0301\ud835\udc1c\ud835\udc21 \ud835\udc2c\ud835\udc1a\u0323\ud835\udc27 \ud835\udc27\ud835\udc20\ud835\udc21\ud835\udc22\u0309 \ud835\udc1d\ud835\udc2e\u031b\ud835\udc28\u031b\u0303\ud835\udc27\ud835\udc20 \ud835\udc1c\ud835\udc1a\ud835\udc28 \ud835\udc1c\ud835\udc1a\u0302\u0301\ud835\udc29 \ud835\udc27\ud835\udc20\ud835\udc1a\ud835\udc32 \ud835\udc2d\ud835\udc2b\ud835\udc28\ud835\udc27\ud835\udc20 \ud835\udc25\ud835\udc28\u0300\ud835\udc27\ud835\udc20 \ud835\udc07\ud835\udc1a\u0300 \ud835\udc0d\ud835\udc28\u0323\u0302\ud835\udc22\u00a0<\/strong><\/h4>\n<\/div>\n<div class=\"cxmmr5t8 oygrvhab hcukyx3x c1et5uql o9v6fnle ii04i59q\">\n<div dir=\"auto\"><span class=\"pq6dq46d tbxw36s4 knj5qynh kvgmc6g5 ditlmg2l oygrvhab nvdbi5me sf5mxxl7 gl3lb2sf hhz5lgdu\"><img decoding=\"async\" loading=\"lazy\" class=\"lazy-load-active\" src=\"https:\/\/static.xx.fbcdn.net\/images\/emoji.php\/v9\/t9\/2\/16\/1f497.png\" alt=\"\ud83d\udc97\" width=\"16\" height=\"16\" data-src=\"https:\/\/static.xx.fbcdn.net\/images\/emoji.php\/v9\/t9\/2\/16\/1f497.png\" \/><\/span>Ph\u1ed1 c\u1ed5 ngo\u00e0i H\u1ed3 Ho\u00e0n Ki\u1ebfm c\u00f3 g\u00ec? T\u1edbi tr\u1ea3i nghi\u1ec7m ngay kh\u00e1ch s\u1ea1n \u0111\u1eb3ng c\u1ea5p mang \u0111\u1eadm phong c\u00e1ch \u0110\u00f4ng D\u01b0\u01a1ng: \u0110\u1eb3ng c\u1ea5p &#8211; Sang tr\u1ecdng &#8211; Tinh t\u1ebf.<\/div>\n<div dir=\"auto\">Kh\u00e1ch s\u1ea1n c\u00f3 \u0111\u1ee7 c\u00e1c h\u1ea1ng ph\u00f2ng v\u1edbi m\u1ee9c gi\u00e1 h\u1ea5p d\u1eabn \u0111\u00e1p \u1ee9ng nhu c\u1ea7u c\u1ee7a nhi\u1ec1u \u0111\u1ed1i t\u01b0\u1ee3ng kh\u00e1ch h\u00e0ng, t\u1eeb c\u00f4ng t\u00e1c, du l\u1ecbch, hay \u0111\u01a1n gi\u1ea3n l\u00e0 \u0111i \u0111\u1ed5i gi\u00f3 cu\u1ed1i tu\u1ea7n,\u2026<\/div>\n<div dir=\"auto\"><span class=\"pq6dq46d tbxw36s4 knj5qynh kvgmc6g5 ditlmg2l oygrvhab nvdbi5me sf5mxxl7 gl3lb2sf hhz5lgdu\"><img decoding=\"async\" loading=\"lazy\" class=\"lazy-load-active\" src=\"https:\/\/static.xx.fbcdn.net\/images\/emoji.php\/v9\/t9\/2\/16\/1f497.png\" alt=\"\ud83d\udc97\" width=\"16\" height=\"16\" data-src=\"https:\/\/static.xx.fbcdn.net\/images\/emoji.php\/v9\/t9\/2\/16\/1f497.png\" \/><\/span>Kh\u00e1ch s\u1ea1n n\u1eb1m trong trung t\u00e2m ph\u1ed1 c\u1ed5 s\u1ea7m u\u1ea5t, nh\u1ed9n nh\u1ecbp, c\u00e1ch v\u00e0i b\u01b0\u1edbc ch\u00e2n ra t\u1edbi h\u1ed3 Ho\u00e0n Ki\u1ebfm, Ch\u1ee3 \u0111\u00eam,\u2026c\u00e1c \u0111\u1ecba \u0111i\u1ec3m vui ch\u01a1i n\u1ed5i ti\u1ebfng.<\/div>\n<\/div>\n<p>N\u1ebfu b\u1ea1n \u0111ang c\u1ea7n ch\u1ed1n ngh\u1ec9 ch\u00e2n cho m\u1ed9t chuy\u1ebfn c\u00f4ng t\u00e1c, m\u1ed9t chuy\u1ebfn \u0111i du l\u1ecbch H\u00e0 N\u1ed9i, hay th\u1eadm ch\u00ed ch\u1ec9 l\u00e0 mu\u1ed1n \u0111\u1ed5i gi\u00f3, t\u00ecm \u0111\u1ebfn m\u1ed9t ch\u1ed1n b\u00ecnh y\u00ean xa r\u1eddi x\u00f4 b\u1ed3 c\u1ee7a cu\u1ed9c s\u1ed1ng \u0111\u1ec3 n\u1ea1p l\u1ea1i n\u0103ng l\u01b0\u1ee3ng cho nh\u1eefng h\u00e0nh tr\u00ecnh ti\u1ebfp theo th\u00ec \ud835\udfd0\ud835\udfd0\ud835\udc0b\ud835\udc00\ud835\udc0d\ud835\udc03 \ud835\udc11\ud835\udc04\ud835\udc12\ud835\udc08\ud835\udc03\ud835\udc04\ud835\udc0d\ud835\udc02\ud835\udc04 \ud835\udc07\ud835\udc0e\ud835\udc13\ud835\udc04\ud835\udc0b ch\u00fang t\u00f4i\u00a0 l\u00e0 \u0111\u1ecba \u0111i\u1ec3m tuy\u1ec7t v\u1eddi kh\u00f4ng th\u1ec3 b\u1ecf qua.<\/p>\n<p>\u00a0<\/p>\n","protected":false},"excerpt":{"rendered":"<p>\u00a0 \ud835\udfd0\ud835\udfd0\ud835\udc0b\ud835\udc00\ud835\udc0d\ud835\udc03 \ud835\udc11\ud835\udc04\ud835\udc12\ud835\udc08\ud835\udc03\ud835\udc04\ud835\udc0d\ud835\udc02\ud835\udc04 \ud835\udc07\ud835\udc0e\ud835\udc13\ud835\udc04\ud835\udc0b \u2013 71 H\u00c0NG B\u00d4NG, H\ud835\udc0e\ud835\udc00\u0300\ud835\udc0d \ud835\udc0a\ud835\udc08\ud835\udc04\u0302\u0301\ud835\udc0c\u00a0\u2013 \ud835\udc0a\ud835\udc21\ud835\udc1a\u0301\ud835\udc1c\ud835\udc21 \ud835\udc2c\ud835\udc1a\u0323\ud835\udc27 \ud835\udc27\ud835\udc20\ud835\udc21\ud835\udc22\u0309 \ud835\udc1d\ud835\udc2e\u031b\ud835\udc28\u031b\u0303\ud835\udc27\ud835\udc20 \ud835\udc1c\ud835\udc1a\ud835\udc28 \ud835\udc1c\ud835\udc1a\u0302\u0301\ud835\udc29 \ud835\udc27\ud835\udc20\ud835\udc1a\ud835\udc32 \ud835\udc2d\ud835\udc2b\ud835\udc28\ud835\udc27\ud835\udc20 \ud835\udc25\ud835\udc28\u0300\ud835\udc27\ud835\udc20 \ud835\udc07\ud835\udc1a\u0300 \ud835\udc0d\ud835\udc28\u0323\u0302\ud835\udc22\u00a0 Ph\u1ed1 c\u1ed5 ngo\u00e0i H\u1ed3 Ho\u00e0n Ki\u1ebfm c\u00f3 g\u00ec? T\u1edbi tr\u1ea3i nghi\u1ec7m ngay kh\u00e1ch s\u1ea1n \u0111\u1eb3ng c\u1ea5p mang \u0111\u1eadm phong c\u00e1ch \u0110\u00f4ng D\u01b0\u01a1ng: \u0110\u1eb3ng c\u1ea5p &#8211; Sang tr\u1ecdng &#8211; Tinh t\u1ebf. Kh\u00e1ch s\u1ea1n c\u00f3 \u0111\u1ee7 &#8230;<\/p>\n","protected":false},"author":2,"featured_media":0,"parent":0,"menu_order":0,"comment_status":"closed","ping_status":"closed","template":"","meta":[],"yst_prominent_words":[],"acf":[],"_links":{"self":[{"href":"https:\/\/22landresidence.com\/71hangbong\/wp-json\/wp\/v2\/pages\/24"}],"collection":[{"href":"https:\/\/22landresidence.com\/71hangbong\/wp-json\/wp\/v2\/pages"}],"about":[{"href":"https:\/\/22landresidence.com\/71hangbong\/wp-json\/wp\/v2\/types\/page"}],"author":[{"embeddable":true,"href":"https:\/\/22landresidence.com\/71hangbong\/wp-json\/wp\/v2\/users\/2"}],"replies":[{"embeddable":true,"href":"https:\/\/22landresidence.com\/71hangbong\/wp-json\/wp\/v2\/comments?post=24"}],"version-history":[{"count":12,"href":"https:\/\/22landresidence.com\/71hangbong\/wp-json\/wp\/v2\/pages\/24\/revisions"}],"predecessor-version":[{"id":1280,"href":"https:\/\/22landresidence.com\/71hangbong\/wp-json\/wp\/v2\/pages\/24\/revisions\/1280"}],"wp:attachment":[{"href":"https:\/\/22landresidence.com\/71hangbong\/wp-json\/wp\/v2\/media?parent=24"}],"wp:term":[{"taxonomy":"yst_prominent_words","embeddable":true,"href":"https:\/\/22landresidence.com\/71hangbong\/wp-json\/wp\/v2\/yst_prominent_words?post=24"}],"curies":[{"name":"wp","href":"https:\/\/api.w.org\/{rel}","templated":true}]}}