{"id":693,"date":"2021-11-06T10:26:50","date_gmt":"2021-11-06T03:26:50","guid":{"rendered":"https:\/\/22landresidence.com\/75-tran-thai-tong\/refund_returns\/"},"modified":"2024-10-02T15:40:09","modified_gmt":"2024-10-02T08:40:09","slug":"refund_returns","status":"publish","type":"page","link":"https:\/\/22landresidence.com\/75-tran-thai-tong\/refund_returns\/","title":{"rendered":"Ph\u00f2ng Spa"},"content":{"rendered":"\r\n<p style=\"text-align: left\">Ph\u00f2ng Spa t\u1ea1i 22Land Classic Suite \u0111\u01b0\u1ee3c thi\u1ebft k\u1ebf tinh t\u1ebf, mang l\u1ea1i kh\u00f4ng gian th\u01b0 gi\u00e3n sang tr\u1ecdng v\u00e0 tho\u1ea3i m\u00e1i cho kh\u00e1ch h\u00e0ng. D\u01b0\u1edbi \u0111\u00e2y l\u00e0 m\u1ed9t s\u1ed1 \u0111i\u1ec3m n\u1ed5i b\u1eadt c\u1ee7a ph\u00f2ng Spa n\u00e0y:<\/p>\r\n<h4 style=\"text-align: left\">1. <strong>Kh\u00f4ng gian th\u01b0 gi\u00e3n<\/strong><\/h4>\r\n<p style=\"text-align: left\">Ph\u00f2ng Spa c\u00f3 kh\u00f4ng gian r\u1ed9ng r\u00e3i, v\u1edbi \u00e1nh s\u00e1ng d\u1ecbu nh\u1eb9 v\u00e0 \u00e2m nh\u1ea1c th\u01b0 gi\u00e3n t\u1ea1o n\u00ean m\u1ed9t b\u1ea7u kh\u00f4ng kh\u00ed y\u00ean b\u00ecnh. N\u1ed9i th\u1ea5t \u0111\u01b0\u1ee3c b\u00e0i tr\u00ed v\u1edbi m\u00e0u s\u1eafc nh\u00e3 nh\u1eb7n v\u00e0 c\u00e1c v\u1eadt li\u1ec7u t\u1ef1 nhi\u00ean, mang l\u1ea1i c\u1ea3m gi\u00e1c g\u1ea7n g\u0169i v\u1edbi thi\u00ean nhi\u00ean.<\/p>\r\n<h4 style=\"text-align: left\"><img decoding=\"async\" loading=\"lazy\" class=\"aligncenter  wp-image-1519\" src=\"https:\/\/22landresidence.com\/75-tran-thai-tong\/wp-content\/uploads\/sites\/15\/2024\/10\/IMG_7354-2-min-1024x683.jpg\" alt=\"\" width=\"572\" height=\"381\" srcset=\"https:\/\/22landresidence.com\/75-tran-thai-tong\/wp-content\/uploads\/sites\/15\/2024\/10\/IMG_7354-2-min-1024x683.jpg 1024w, https:\/\/22landresidence.com\/75-tran-thai-tong\/wp-content\/uploads\/sites\/15\/2024\/10\/IMG_7354-2-min-300x200.jpg 300w, https:\/\/22landresidence.com\/75-tran-thai-tong\/wp-content\/uploads\/sites\/15\/2024\/10\/IMG_7354-2-min-768x512.jpg 768w, https:\/\/22landresidence.com\/75-tran-thai-tong\/wp-content\/uploads\/sites\/15\/2024\/10\/IMG_7354-2-min-1536x1024.jpg 1536w, https:\/\/22landresidence.com\/75-tran-thai-tong\/wp-content\/uploads\/sites\/15\/2024\/10\/IMG_7354-2-min-2048x1365.jpg 2048w, https:\/\/22landresidence.com\/75-tran-thai-tong\/wp-content\/uploads\/sites\/15\/2024\/10\/IMG_7354-2-min-510x340.jpg 510w\" sizes=\"(max-width: 572px) 100vw, 572px\" \/><\/h4>\r\n<h4>\u00a0<\/h4>\r\n<h4 style=\"text-align: left\">2. <strong>Ti\u1ec7n nghi hi\u1ec7n \u0111\u1ea1i<\/strong><\/h4>\r\n<p style=\"text-align: left\">Ph\u00f2ng Spa \u0111\u01b0\u1ee3c trang b\u1ecb \u0111\u1ea7y \u0111\u1ee7 c\u00e1c ti\u1ec7n nghi hi\u1ec7n \u0111\u1ea1i nh\u01b0 gi\u01b0\u1eddng massage cao c\u1ea5p, b\u1ed3n t\u1eafm s\u1ee5c th\u01b0 gi\u00e3n, v\u00e0 ph\u00f2ng x\u00f4ng h\u01a1i. M\u1ecdi chi ti\u1ebft \u0111\u1ec1u \u0111\u01b0\u1ee3c ch\u0103m ch\u00fat k\u1ef9 l\u01b0\u1ee1ng \u0111\u1ec3 \u0111\u1ea3m b\u1ea3o kh\u00e1ch h\u00e0ng c\u00f3 \u0111\u01b0\u1ee3c tr\u1ea3i nghi\u1ec7m t\u1ed1t nh\u1ea5t.<\/p>\r\n<p>&nbsp;<\/p>\r\n<h4 style=\"text-align: left\">3. <strong>D\u1ecbch v\u1ee5 \u0111a d\u1ea1ng<\/strong><\/h4>\r\n<p style=\"text-align: left\">Kh\u00e1ch h\u00e0ng c\u00f3 th\u1ec3 l\u1ef1a ch\u1ecdn t\u1eeb nhi\u1ec1u li\u1ec7u ph\u00e1p ch\u0103m s\u00f3c, bao g\u1ed3m massage th\u01b0 gi\u00e3n, tr\u1ecb li\u1ec7u c\u01a1 th\u1ec3, v\u00e0 c\u00e1c li\u1ec7u tr\u00ecnh l\u00e0m \u0111\u1eb9p. \u0110\u1ed9i ng\u0169 nh\u00e2n vi\u00ean chuy\u00ean nghi\u1ec7p s\u1ebd t\u01b0 v\u1ea5n v\u00e0 th\u1ef1c hi\u1ec7n c\u00e1c d\u1ecbch v\u1ee5 d\u1ef1a tr\u00ean nhu c\u1ea7u v\u00e0 s\u1edf th\u00edch c\u1ee7a t\u1eebng kh\u00e1ch.<\/p>\r\n<p><img decoding=\"async\" loading=\"lazy\" class=\"aligncenter  wp-image-1528\" src=\"https:\/\/22landresidence.com\/75-tran-thai-tong\/wp-content\/uploads\/sites\/15\/2024\/10\/IMG_7372-2-min-1024x683.jpg\" alt=\"\" width=\"568\" height=\"379\" srcset=\"https:\/\/22landresidence.com\/75-tran-thai-tong\/wp-content\/uploads\/sites\/15\/2024\/10\/IMG_7372-2-min-1024x683.jpg 1024w, https:\/\/22landresidence.com\/75-tran-thai-tong\/wp-content\/uploads\/sites\/15\/2024\/10\/IMG_7372-2-min-300x200.jpg 300w, https:\/\/22landresidence.com\/75-tran-thai-tong\/wp-content\/uploads\/sites\/15\/2024\/10\/IMG_7372-2-min-768x512.jpg 768w, https:\/\/22landresidence.com\/75-tran-thai-tong\/wp-content\/uploads\/sites\/15\/2024\/10\/IMG_7372-2-min-1536x1024.jpg 1536w, https:\/\/22landresidence.com\/75-tran-thai-tong\/wp-content\/uploads\/sites\/15\/2024\/10\/IMG_7372-2-min-2048x1365.jpg 2048w, https:\/\/22landresidence.com\/75-tran-thai-tong\/wp-content\/uploads\/sites\/15\/2024\/10\/IMG_7372-2-min-510x340.jpg 510w\" sizes=\"(max-width: 568px) 100vw, 568px\" \/><\/p>\r\n<h4 style=\"text-align: left\">4. <strong>H\u01b0\u01a1ng li\u1ec7u v\u00e0 li\u1ec7u ph\u00e1p t\u1ef1 nhi\u00ean<\/strong><\/h4>\r\n<p style=\"text-align: left\">Ph\u00f2ng Spa s\u1eed d\u1ee5ng c\u00e1c s\u1ea3n ph\u1ea9m thi\u00ean nhi\u00ean, bao g\u1ed3m tinh d\u1ea7u v\u00e0 th\u1ea3o d\u01b0\u1ee3c, gi\u00fap mang l\u1ea1i c\u1ea3m gi\u00e1c d\u1ec5 ch\u1ecbu v\u00e0 t\u0103ng c\u01b0\u1eddng hi\u1ec7u qu\u1ea3 c\u1ee7a c\u00e1c li\u1ec7u ph\u00e1p. H\u01b0\u01a1ng th\u01a1m t\u1eeb c\u00e1c nguy\u00ean li\u1ec7u t\u1ef1 nhi\u00ean s\u1ebd l\u00e0m d\u1ecbu t\u00e2m tr\u00ed v\u00e0 xua tan c\u0103ng th\u1eb3ng.<\/p>\r\n<p><img decoding=\"async\" loading=\"lazy\" class=\"aligncenter  wp-image-1519\" src=\"https:\/\/22landresidence.com\/75-tran-thai-tong\/wp-content\/uploads\/sites\/15\/2024\/10\/IMG_7354-2-min-1024x683.jpg\" alt=\"\" width=\"563\" height=\"376\" srcset=\"https:\/\/22landresidence.com\/75-tran-thai-tong\/wp-content\/uploads\/sites\/15\/2024\/10\/IMG_7354-2-min-1024x683.jpg 1024w, https:\/\/22landresidence.com\/75-tran-thai-tong\/wp-content\/uploads\/sites\/15\/2024\/10\/IMG_7354-2-min-300x200.jpg 300w, https:\/\/22landresidence.com\/75-tran-thai-tong\/wp-content\/uploads\/sites\/15\/2024\/10\/IMG_7354-2-min-768x512.jpg 768w, https:\/\/22landresidence.com\/75-tran-thai-tong\/wp-content\/uploads\/sites\/15\/2024\/10\/IMG_7354-2-min-1536x1024.jpg 1536w, https:\/\/22landresidence.com\/75-tran-thai-tong\/wp-content\/uploads\/sites\/15\/2024\/10\/IMG_7354-2-min-2048x1365.jpg 2048w, https:\/\/22landresidence.com\/75-tran-thai-tong\/wp-content\/uploads\/sites\/15\/2024\/10\/IMG_7354-2-min-510x340.jpg 510w\" sizes=\"(max-width: 563px) 100vw, 563px\" \/><\/p>\r\n<p>&nbsp;<\/p>\r\n<p>Hotline: 0869841388 (L\u1ec5 t\u00e2n 24\/7)<\/p>\r\n","protected":false},"excerpt":{"rendered":"<p>Ph\u00f2ng Spa t\u1ea1i 22Land Classic Suite \u0111\u01b0\u1ee3c thi\u1ebft k\u1ebf tinh t\u1ebf, mang l\u1ea1i kh\u00f4ng gian th\u01b0 gi\u00e3n sang tr\u1ecdng v\u00e0 tho\u1ea3i m\u00e1i cho kh\u00e1ch h\u00e0ng. D\u01b0\u1edbi \u0111\u00e2y l\u00e0 m\u1ed9t s\u1ed1 \u0111i\u1ec3m n\u1ed5i b\u1eadt c\u1ee7a ph\u00f2ng Spa n\u00e0y: 1. Kh\u00f4ng gian th\u01b0 gi\u00e3n Ph\u00f2ng Spa c\u00f3 kh\u00f4ng gian r\u1ed9ng r\u00e3i, v\u1edbi \u00e1nh s\u00e1ng d\u1ecbu nh\u1eb9 v\u00e0 &#8230;<\/p>\n","protected":false},"author":3,"featured_media":1519,"parent":0,"menu_order":0,"comment_status":"closed","ping_status":"closed","template":"","meta":[],"yst_prominent_words":[],"acf":[],"_links":{"self":[{"href":"https:\/\/22landresidence.com\/75-tran-thai-tong\/wp-json\/wp\/v2\/pages\/693"}],"collection":[{"href":"https:\/\/22landresidence.com\/75-tran-thai-tong\/wp-json\/wp\/v2\/pages"}],"about":[{"href":"https:\/\/22landresidence.com\/75-tran-thai-tong\/wp-json\/wp\/v2\/types\/page"}],"author":[{"embeddable":true,"href":"https:\/\/22landresidence.com\/75-tran-thai-tong\/wp-json\/wp\/v2\/users\/3"}],"replies":[{"embeddable":true,"href":"https:\/\/22landresidence.com\/75-tran-thai-tong\/wp-json\/wp\/v2\/comments?post=693"}],"version-history":[{"count":6,"href":"https:\/\/22landresidence.com\/75-tran-thai-tong\/wp-json\/wp\/v2\/pages\/693\/revisions"}],"predecessor-version":[{"id":1550,"href":"https:\/\/22landresidence.com\/75-tran-thai-tong\/wp-json\/wp\/v2\/pages\/693\/revisions\/1550"}],"wp:featuredmedia":[{"embeddable":true,"href":"https:\/\/22landresidence.com\/75-tran-thai-tong\/wp-json\/wp\/v2\/media\/1519"}],"wp:attachment":[{"href":"https:\/\/22landresidence.com\/75-tran-thai-tong\/wp-json\/wp\/v2\/media?parent=693"}],"wp:term":[{"taxonomy":"yst_prominent_words","embeddable":true,"href":"https:\/\/22landresidence.com\/75-tran-thai-tong\/wp-json\/wp\/v2\/yst_prominent_words?post=693"}],"curies":[{"name":"wp","href":"https:\/\/api.w.org\/{rel}","templated":true}]}}