{"id":1347,"date":"2023-11-30T11:39:16","date_gmt":"2023-11-30T04:39:16","guid":{"rendered":"https:\/\/22landresidence.com\/75-tran-thai-tong\/?post_type=product&#038;p=1347"},"modified":"2025-09-15T15:39:09","modified_gmt":"2025-09-15T08:39:09","slug":"family","status":"publish","type":"product","link":"https:\/\/22landresidence.com\/75-tran-thai-tong\/room\/family\/","title":{"rendered":"Ph\u00f2ng Family"},"content":{"rendered":"<p>Ph\u00f2ng Family: B\u1ed3n t\u1eafm, Ban c\u00f4ng\/ Sofa b\u00e0n tr\u00e0<\/p>\n<p>Truy\u1ec1n h\u00ecnh mi\u1ec5n ph\u00ed Netflix<br \/>\n\u0110i\u1ec1u h\u00f2a hi\u1ec7n \u0111\u1ea1i<br \/>\nT\u1ef1 \u0111\u1ed9ng nh\u1eadn ri\u00eang ph\u00f2ng<br \/>\nN\u01b0\u1edbc s\u1ea1ch, tr\u00e0, cafe mi\u1ec5n ph\u00ed<br \/>\nThang m\u00e1y hi\u1ec7n \u0111\u1ea1i, nhanh ch\u00f3ng, L\u1ec5 t\u00e2n, B\u1ea3o v\u1ec7 24\/7<br \/>\nKhu v\u1ef1c \u0111\u1ec3 xe m\u00e1y, \u00f4 t\u00f4 mi\u1ec5n ph\u00ed<br \/>\nD\u1ecbch V\u1ee5 Cao c\u1ea5p : \u0110\u1eb3ng c\u1ea5p 3 sao, c\u00f3 mi\u1ec5n ph\u00ed b\u1eefa s\u00e1ng buffet, n\u01b0\u1edbc u\u1ed1ng, cafe, Internet t\u1ed1c \u0111\u1ed9 cao, L\u1ec5 t\u00e2n 24\/7, Nh\u00e2n vi\u00ean ch\u0103m s\u00f3c tr\u1ef1c tuy\u1ebfn 24\/7 t\u1eadn .<br \/>\n\u2014\u2014\u2014\u2014\u2014\u2014\u2014\u2014\u2014\u2014\u2014\u2014\u2014\u2014\u2014\u2014\u2013 \u2014\u2014\u2014\u2014\u2014\u2014-<br \/>\n\ud835\udc06\ud835\udc08\ud835\udc00\u0301 \ud835\udc02\ud835\udc07\ud835\udc0e \ud835\udc13\ud835\udc07\ud835\udc14\ud835\udc04\u0302 \ud835\udc0d\ud835\udc06\ud835\udc00\u0306\u0301\ud835\udc0d \ud835\udc07\ud835\udc00\u0323\ud835\udc0d:<br \/>\n\u2013 Gi\u00e1 thu\u00ea 2h \u0111\u1ea7u : 799k\/2h \u0111\u1ea7u, c\u00e1c gi\u1edd sau m\u1ed7i gi\u1edd 100k<br \/>\n\u2013 Gi\u00e1 thu\u00ea qua \u0111\u00eam: 1249k\/\u0111\u00eam<\/p>\n<p>\u0110i\u1ec1u ki\u1ec7n v\u00e0 ch\u00ednh s\u00e1ch:<br \/>\n\u2013 T\u1ed1i \u0111a 3 ng\u01b0\u1eddi cho 1 ph\u00f2ng<br \/>\n\u2013 Mi\u1ec5n ph\u00ed cho 01 tr\u1ebb d\u01b0\u1edbi 6 tu\u1ed5i<br \/>\n\u2013 Tr\u1ebb tr\u00ean 6 tu\u1ed5i ph\u1ee5 thu 200k\/tr\u1ebb\/\u0111\u00eam (t\u1ed1i \u0111a 1 tr\u1ebb)<\/p>\n<p>\u0110\u1ecba ch\u1ec9: s\u1ed1 35 ng\u00f5 75 Tr\u1ea7n Th\u00e1i T\u00f4ng,C\u1ea7u Gi\u1ea5y, H\u00e0 N\u1ed9i<br \/>\n_______________________________________<br \/>\nXem h\u1ec7 th\u1ed1ng ph\u00f2ng:<br \/>\n\u2013 Trang web: <a href=\"https:\/\/22landresidence.com\/\">https:\/\/22landresidence.com\/<\/a><br \/>\nFanpage: <a href=\"https:\/\/www.facebook.com\/profile.php?id=61553998626082\">https:\/\/www.facebook.com\/profile.php?id=61553998626082<\/a><br \/>\n\u2013 \u0110\u01b0\u1eddng d\u00e2y n\u00f3ng: 086 9841388 \u2013 Email: sale01.22landclassicsuite@gmail.com<\/p>\n","protected":false},"excerpt":{"rendered":"<p>Ph\u00f2ng Family: B\u1ed3n t\u1eafm, Ban c\u00f4ng\/ Sofa b\u00e0n tr\u00e0 Truy\u1ec1n h\u00ecnh mi\u1ec5n ph\u00ed Netflix \u0110i\u1ec1u h\u00f2a hi\u1ec7n \u0111\u1ea1i T\u1ef1 \u0111\u1ed9ng nh\u1eadn ri\u00eang ph\u00f2ng N\u01b0\u1edbc s\u1ea1ch, tr\u00e0, cafe mi\u1ec5n ph\u00ed Thang m\u00e1y hi\u1ec7n \u0111\u1ea1i, nhanh ch\u00f3ng, L\u1ec5 t\u00e2n, B\u1ea3o v\u1ec7 24\/7 Khu v\u1ef1c \u0111\u1ec3 xe m\u00e1y, \u00f4 t\u00f4 mi\u1ec5n ph\u00ed D\u1ecbch V\u1ee5 Cao c\u1ea5p : \u0110\u1eb3ng &#8230;<\/p>\n","protected":false},"featured_media":1459,"comment_status":"open","ping_status":"closed","template":"","meta":[],"product_cat":[22,42,23],"product_tag":[46,45,44],"yst_prominent_words":[],"acf":[],"_links":{"self":[{"href":"https:\/\/22landresidence.com\/75-tran-thai-tong\/wp-json\/wp\/v2\/product\/1347"}],"collection":[{"href":"https:\/\/22landresidence.com\/75-tran-thai-tong\/wp-json\/wp\/v2\/product"}],"about":[{"href":"https:\/\/22landresidence.com\/75-tran-thai-tong\/wp-json\/wp\/v2\/types\/product"}],"replies":[{"embeddable":true,"href":"https:\/\/22landresidence.com\/75-tran-thai-tong\/wp-json\/wp\/v2\/comments?post=1347"}],"wp:featuredmedia":[{"embeddable":true,"href":"https:\/\/22landresidence.com\/75-tran-thai-tong\/wp-json\/wp\/v2\/media\/1459"}],"wp:attachment":[{"href":"https:\/\/22landresidence.com\/75-tran-thai-tong\/wp-json\/wp\/v2\/media?parent=1347"}],"wp:term":[{"taxonomy":"product_cat","embeddable":true,"href":"https:\/\/22landresidence.com\/75-tran-thai-tong\/wp-json\/wp\/v2\/product_cat?post=1347"},{"taxonomy":"product_tag","embeddable":true,"href":"https:\/\/22landresidence.com\/75-tran-thai-tong\/wp-json\/wp\/v2\/product_tag?post=1347"},{"taxonomy":"yst_prominent_words","embeddable":true,"href":"https:\/\/22landresidence.com\/75-tran-thai-tong\/wp-json\/wp\/v2\/yst_prominent_words?post=1347"}],"curies":[{"name":"wp","href":"https:\/\/api.w.org\/{rel}","templated":true}]}}