{"id":578,"date":"2020-12-04T13:48:38","date_gmt":"2020-12-04T06:48:38","guid":{"rendered":"https:\/\/22landresidence.com\/reyna-hotel\/?post_type=product&#038;p=578"},"modified":"2023-03-13T15:19:48","modified_gmt":"2023-03-13T08:19:48","slug":"luxury-double-room-suite","status":"publish","type":"product","link":"https:\/\/22landresidence.com\/reyna-hotel\/room\/luxury-double-room-suite\/","title":{"rendered":"DELUXE DOUBLE"},"content":{"rendered":"<div dir=\"auto\">\n<p><strong>C\u00e1c ti\u1ec7n \u00edch:<\/strong><\/p>\n<ul>\n<li>Di\u1ec7n t\u00edch: 26-28m<sup>2<\/sup><\/li>\n<li>TV truy\u1ec1n h\u00ecnh cab 40\u201d<\/li>\n<li>Lo\u1ea1i gi\u01b0\u1eddng: 1 gi\u01b0\u1eddng Queen, Twin\u00a0ho\u1eb7c King\u00a0k\u00edch th\u01b0\u1edbc 1.8-2.2m<\/li>\n<li>\u0110i\u1ec1u h\u00f2a<\/li>\n<li>T\u1ee7 mini bar<\/li>\n<li>V\u00f2i sen v&amp; b\u1ed3n t\u1eafm<\/li>\n<li>M\u00e1y s\u1ea5y t\u00f3c<\/li>\n<li>K\u00e9t an to\u00e0n<\/li>\n<li>H\u1ec7 th\u1ed1ng kh\u00f3a t\u1ef1 \u0111\u1ed9ng<\/li>\n<li>H\u1ec7 th\u1ed1ng b\u01a1m n\u01b0\u1edbc n\u00f3ng<\/li>\n<li>\u0110i\u1ec7n tho\u1ea1i<\/li>\n<li>Wifi mi\u1ec5n ph\u00ed<\/li>\n<\/ul>\n<p><strong>D\u1ecbch v\u1ee5 cung c\u1ea5p :<\/strong><\/p>\n<ul>\n<li>D\u1ecdn ph\u00f2ng h\u1eb1ng ng\u00e0y<\/li>\n<li>Mi\u1ec5n ph\u00ed 2 chai n\u01b0\u1edbc u\u1ed1ng h\u1eb1ng ng\u00e0y<\/li>\n<li>Tr\u00e0\/ c\u00e0 ph\u00ea mi\u1ec5n ph\u00ed<\/li>\n<li>B\u00e1o v\u00e0 t\u1ea1p ch\u00ed ti\u1ebfng Anh t\u1ea1i ti\u1ec1n s\u1ea3nh v\u00e0 nh\u00e0 h\u00e0ng<\/li>\n<li>D\u1ecbch v\u1ee5 gi\u1eb7t l\u00e0\/ gi\u1eb7t nhanh (t\u00ednh ph\u00ed)<\/li>\n<li>D\u1ecbch v\u1ee5 v\u0103n ph\u00f2ng (t\u00ednh ph\u00ed)<\/li>\n<li>D\u1ecbch v\u1ee5 \u0103n u\u1ed1ng ph\u1ee5 v\u1ee5 t\u1ea1i ph\u00f2ng (t\u00ednh ph\u00ed)<\/li>\n<li>D\u1ecbch v\u1ee5 \u0111\u00f3n ti\u1ec5n s\u00e2n bay (t\u00ednh ph\u00ed)<\/li>\n<\/ul>\n<\/div>\n","protected":false},"excerpt":{"rendered":"<div>Ph\u00f2ng Deluxe v\u1edbi thi\u1ebft k\u1ebf h\u00e0i h\u00f2a, n\u1ed9i th\u1ea5t sang tr\u1ecdng v\u1edbi \u0111\u1ea7y \u0111\u1ee7 ti\u1ec7n nghi hi\u1ec7n \u0111\u1ea1i. Di\u1ec7n t\u00edch kho\u1ea3ng 26-28m<sup>2<\/sup> v\u1edbi h\u01b0\u1edbng nh\u00ecn ra ph\u00eda th\u00e0nh ph\u1ed1 gi\u00fap qu\u00fd kh\u00e1ch c\u00f3 th\u1ec3 ng\u1eafm nh\u00ecn khung c\u1ea3nh xinh \u0111\u1eb9p xung quanh.<\/div>\n","protected":false},"featured_media":1303,"comment_status":"open","ping_status":"closed","template":"","meta":[],"product_cat":[22,42,23],"product_tag":[],"yst_prominent_words":[],"acf":[],"_links":{"self":[{"href":"https:\/\/22landresidence.com\/reyna-hotel\/wp-json\/wp\/v2\/product\/578"}],"collection":[{"href":"https:\/\/22landresidence.com\/reyna-hotel\/wp-json\/wp\/v2\/product"}],"about":[{"href":"https:\/\/22landresidence.com\/reyna-hotel\/wp-json\/wp\/v2\/types\/product"}],"replies":[{"embeddable":true,"href":"https:\/\/22landresidence.com\/reyna-hotel\/wp-json\/wp\/v2\/comments?post=578"}],"wp:featuredmedia":[{"embeddable":true,"href":"https:\/\/22landresidence.com\/reyna-hotel\/wp-json\/wp\/v2\/media\/1303"}],"wp:attachment":[{"href":"https:\/\/22landresidence.com\/reyna-hotel\/wp-json\/wp\/v2\/media?parent=578"}],"wp:term":[{"taxonomy":"product_cat","embeddable":true,"href":"https:\/\/22landresidence.com\/reyna-hotel\/wp-json\/wp\/v2\/product_cat?post=578"},{"taxonomy":"product_tag","embeddable":true,"href":"https:\/\/22landresidence.com\/reyna-hotel\/wp-json\/wp\/v2\/product_tag?post=578"},{"taxonomy":"yst_prominent_words","embeddable":true,"href":"https:\/\/22landresidence.com\/reyna-hotel\/wp-json\/wp\/v2\/yst_prominent_words?post=578"}],"curies":[{"name":"wp","href":"https:\/\/api.w.org\/{rel}","templated":true}]}}